{"id":123,"date":"2022-02-05T01:31:27","date_gmt":"2022-02-05T01:31:27","guid":{"rendered":"https:\/\/sbpr.org.br\/radio2022\/about\/"},"modified":"2022-09-05T16:34:59","modified_gmt":"2022-09-05T16:34:59","slug":"papers","status":"publish","type":"page","link":"https:\/\/sbpr.org.br\/radio2022\/papers\/","title":{"rendered":"Papers"},"content":{"rendered":"\n\n\n\r\n<h1>Abstracts \/ Papers<\/h1>\r\n\n\n\n\n\n\n<p><span style=\"color:#e60000;\">PROGRAMA\u00c7\u00c3O E APRESENTA\u00c7\u00c3O DE P\u00d4STERES<\/span>&nbsp;<a href=\"https:\/\/sbpr.org.br\/radio2022\/IJC_Radio_2022_Programacao_de_Apresentacao_dos_Posters.xlsx\"><br>CONFIRA AQUI<\/a><\/p>\n\r\n<h6>Datas importantes<\/h6>\r\n\n\n<p><strong>09 de julho de 2022: <\/strong>Prazo final para submiss\u00e3o dos Resumos Expandidos<\/p>\n<p><strong>14 de julho de 2022: <\/strong>Comunica\u00e7\u00e3o de aceite do Resumo Expandido<\/p>\n<p><strong>30 de julho de 2022:<\/strong> Comunica\u00e7\u00e3o sobre formato de apresenta\u00e7\u00e3o.<\/p>\n<p><strong>15 a 19 de agosto de 2022:<\/strong> Realiza\u00e7\u00e3o da RADIO 2022.<\/p>\n\n\n\n\n\r\n<h6>\u00c1reas tem\u00e1ticas<\/h6>\r\n\n\n<ul>\n<li>Radia\u00e7\u00e3o-Natural e NORM;<\/li>\n<li>Efeitos biol\u00f3gicos das radia\u00e7\u00f5es ionizantes;<\/li>\n<li>Tecnologias e desenvolvimentos em radioprote\u00e7\u00e3o;<br><\/li>\n<li>Prote\u00e7\u00e3o Radiol\u00f3gica dos pacientes, trabalhadores, membros do p\u00fablico e do meio ambiente;<br><\/li>\n<li>Cultura de seguran\u00e7a e percep\u00e7\u00e3o de risco;<\/li>\n<li>Emerg\u00eancias Radiol\u00f3gicas e Nucleares;&nbsp;<\/li>\n<li>Gest\u00e3o de rejeitos radioativos e descontamina\u00e7\u00e3o;<\/li>\n<li>Uso de fontes radioativas e metodologias para seu controle;<\/li>\n<li>Instrumenta\u00e7\u00e3o Nuclear e Dosimetria;<\/li>\n<li>Salvaguardas e seguran\u00e7a de material radioativo.<\/li>\n\n<\/ul>\n<h6>Temas Transversais \/ Prote\u00e7\u00e3o Radiol\u00f3gica<\/h6>\n<ul>\n<li>Novos desafios na Radioprote\u00e7\u00e3o ;<br><\/li>\n<li>Comunica\u00e7\u00e3o com a sociedade, compromisso e envolvimento das partes interessadas;<\/li>\n<li>Direito, recomenda\u00e7\u00f5es e regulamentos nucleares internacionais ;<\/li>\n<li>Educa\u00e7\u00e3o, treinamento e gest\u00e3o do conhecimento em Radioprote\u00e7\u00e3o;<\/li>\n<li>Equidade de G\u00eanero na Ci\u00eancia, Tecnologia e Inova\u00e7\u00e3o;<\/li>\n<li>Radia\u00e7\u00f5es N\u00e3o-Ionizantes.<br><\/li>\n\n<\/ul>\n\n\n\n\n<h6>Envio de trabalhos e apresenta\u00e7\u00f5es<\/h6>\n\n<p><strong>Resumos expandidos para a RADIO 2022<\/strong>&nbsp;&#8211;&nbsp;<\/p>\n<p><strong>Elabora\u00e7\u00e3o de p\u00f4steres para a RADIO 2022<\/strong>&nbsp;&#8211; A exposi\u00e7\u00e3o dos p\u00f4steres se dar\u00e1 nos intervalos para coffee break, quando os autores far\u00e3o a apresenta\u00e7\u00e3o para a comiss\u00e3o avaliadora. Dimens\u00f5es para o p\u00f4ster: ALTURA 120 cm e LARGURA 90 cm. N\u00e3o exceder as medidas. O p\u00f4ster deve ser elaborado com t\u00edtulo, nome dos autores, institui\u00e7\u00e3o vinculada, introdu\u00e7\u00e3o, objetivo, metodologia, resultados e conclus\u00e3o.&nbsp;<\/p>\n<p><a href=\"https:\/\/sbpr.org.br\/radio2022\/radio2022modeloSBPR_alta.jpg\">Logo do evento em alta resolu\u00e7\u00e3o<\/a>&nbsp;&#8211; dimens\u00e3o: largura de 90 cm&nbsp;<\/p>\n<p><strong>Publica\u00e7\u00e3o na BJRS<\/strong>&nbsp;&#8211; Ap\u00f3s o evento a Comiss\u00e3o Cient\u00edfica estabelecer\u00e1 um prazo para os autores dos Resumos Expandidos (aprovados e apresentados na RADIO 2022) submeterem os trabalhos completos para a BJRS, os quais ser\u00e3o avaliados por Avaliadores ad-hoc para publica\u00e7\u00e3o no n\u00famero especial da BJRS para a RADIO 2022.&nbsp;<\/p>\n\n\n\n\n\n\n\n<p><span style=\"font-size: 14px;\">Os abstracts e papers devem estar dentro de uma das \u00e1reas tem\u00e1ticas do evento e respeitar rigorosamente as orienta\u00e7\u00f5es do comit\u00ea cient\u00edfico. Confira o template.<\/span><\/p>\n\n\n\r\n<p><span style=\"font-size: 14px;\">A RADIO 2022 \u00e9 um evento exclusivamente presencial que discutir\u00e1 as tend\u00eancias e inova\u00e7\u00f5es em prote\u00e7\u00e3o radiol\u00f3gica. Vagas limitadas. Inscreva-se j\u00e1 e garanta sua vaga.<\/span><\/p>\r\n\n\n\n\r\n<p><span style=\"font-size: 14px;\">A SBPR disponibiliza este canal de atendimento aos seus associados e demais interessados em participar da RADIO 2022. A equipe da RADIO 2022 est\u00e1\u00a0 pronta para te atender!<\/span><\/p>\r\n\n\n\n\n\nClique aqui para conferir\n\n\n","protected":false},"excerpt":{"rendered":"","protected":false},"author":1,"featured_media":0,"parent":0,"menu_order":0,"comment_status":"closed","ping_status":"closed","template":"","meta":{"pagelayer_contact_templates":[],"_pagelayer_content":"","footnotes":""},"class_list":["post-123","page","type-page","status-publish","hentry"],"_links":{"self":[{"href":"https:\/\/sbpr.org.br\/radio2022\/wp-json\/wp\/v2\/pages\/123","targetHints":{"allow":["GET"]}}],"collection":[{"href":"https:\/\/sbpr.org.br\/radio2022\/wp-json\/wp\/v2\/pages"}],"about":[{"href":"https:\/\/sbpr.org.br\/radio2022\/wp-json\/wp\/v2\/types\/page"}],"author":[{"embeddable":true,"href":"https:\/\/sbpr.org.br\/radio2022\/wp-json\/wp\/v2\/users\/1"}],"replies":[{"embeddable":true,"href":"https:\/\/sbpr.org.br\/radio2022\/wp-json\/wp\/v2\/comments?post=123"}],"version-history":[{"count":73,"href":"https:\/\/sbpr.org.br\/radio2022\/wp-json\/wp\/v2\/pages\/123\/revisions"}],"predecessor-version":[{"id":1154,"href":"https:\/\/sbpr.org.br\/radio2022\/wp-json\/wp\/v2\/pages\/123\/revisions\/1154"}],"wp:attachment":[{"href":"https:\/\/sbpr.org.br\/radio2022\/wp-json\/wp\/v2\/media?parent=123"}],"curies":[{"name":"wp","href":"https:\/\/api.w.org\/{rel}","templated":true}]}}