{"id":147,"date":"2022-02-05T11:58:25","date_gmt":"2022-02-05T11:58:25","guid":{"rendered":"https:\/\/sbpr.org.br\/radio2022\/about\/"},"modified":"2022-08-23T14:24:06","modified_gmt":"2022-08-23T14:24:06","slug":"home-2","status":"publish","type":"page","link":"https:\/\/sbpr.org.br\/radio2022\/","title":{"rendered":"Home"},"content":{"rendered":"\n\n\n\n\n\r\n<h6>IX Congresso Internacional de Radioprote\u00e7\u00e3o Industrial<\/h6>\r\n<h6>VIII Congresso de Prote\u00e7\u00e3o Contra as Radia\u00e7\u00f5es dos Pa\u00edses de L\u00edngua Portuguesa<\/h6>\r\n<h6>VII Congresso Brasileiro de Prote\u00e7\u00e3o Radiol\u00f3gica<\/h6>\r\n<h6>I Encontro Nacional de Mulheres do Setor Nuclear<\/h6>\r\n\n\n\n\n\nO certificado de participa\u00e7\u00e3o poder\u00e1 ser obtido no link&nbsp; https:\/\/radio22.conhecendo.com.br\/certificado.htm&nbsp; O login (email cadastrado) e a senha foram enviados na confirma\u00e7\u00e3o de sua inscri\u00e7\u00e3o. Certificados de palestrantes, mesas redondas e apresenta\u00e7\u00f5es orais ser\u00e3o enviados dentro de alguns dias por email.\n\n\n\n\n\r\n<h6>International Joint Conference RADIO 2022<\/h6>\r\n\n\n\r\n<p>O presidente da SBPR, Dr. Josilto de Aquino, tem a honra de anunciar a realiza\u00e7\u00e3o da 6\u00aa edi\u00e7\u00e3o da International Joint Conference RADIO, a RADIO-2022. A Confer\u00eancia Conjunta reunir\u00e1 quatro eventos e \u00e9 uma parceria da Sociedade Brasileira de Prote\u00e7\u00e3o Radiol\u00f3gica (SBPR), com a Sociedade Portuguesa de Prote\u00e7\u00e3o Contra Radia\u00e7\u00f5es (SPPCR), a Associa\u00e7\u00e3o Brasileira de Ensaios N\u00e3o Destrutivos e Inspe\u00e7\u00e3o (ABENDI), a Red de Optimizaci\u00f3n de Protecci\u00f3n Radiol\u00f3gica Ocupacional en Latinoam\u00e9rica y el Caribe (REPROLAM) e a Women In Nuclear Brazil (WIN-Brasil), uma rede impulsionadora de mulheres brasileiras do setor nuclear e das radia\u00e7\u00f5es, contribuindo para sua participa\u00e7\u00e3o plena nas inst\u00e2ncias t\u00e9cnico-cient\u00edficas e gerenciais, visando a constru\u00e7\u00e3o de uma percep\u00e7\u00e3o positiva das ci\u00eancias nucleares.<\/p>\r\n\n\n\n\n\n\n\n\n\n\r\n<h6>Novo marco regulat\u00f3rio: oportunidades e desafios<\/h6>\r\n\n\n<p>A organiza\u00e7\u00e3o conjunta da Confer\u00eancia parte da ideia de que o fortalecimento de uma cultura de prote\u00e7\u00e3o radiol\u00f3gica passa pela cria\u00e7\u00e3o de oportunidades de um di\u00e1logo construtivo entre todas as partes interessadas, envolvidas em atividades relacionadas \u00e0 radia\u00e7\u00e3o, incluindo especialistas em prote\u00e7\u00e3o radiol\u00f3gica, f\u00edsicos, m\u00e9dicos, bem como projetistas e fornecedores de equipamentos. Ser\u00e1 um encontro destinado a realizar debates e promover a troca de experi\u00eancias relacionadas \u00e0 aplica\u00e7\u00e3o das radia\u00e7\u00f5es ionizantes na ind\u00fastria, na medicina e na pesquisa. Al\u00e9m do novo marco regulat\u00f3rio nuclear, o evento tamb\u00e9m discutir\u00e1 o tema da atualiza\u00e7\u00e3o da 3.01, de interesse a todos os profissionais da prote\u00e7\u00e3o radiol\u00f3gica. Paralelamente \u00e0 Conferencia ser\u00e3o realizados minicursos que visam proporcionar a atualiza\u00e7\u00e3o profissional em diferentes temas ligados \u00e0 \u00e1rea de radioprote\u00e7\u00e3o. O programa do evento consistir\u00e1 de confer\u00eancias, mesas redondas, sess\u00f5es tem\u00e1ticas com apresenta\u00e7\u00e3o de trabalhos e sess\u00e3o de posters. Como nas edi\u00e7\u00f5es anteriores, a confer\u00eancia contar\u00e1 ainda com a participa\u00e7\u00e3o de expositores de renome. Associados da SBPR poder\u00e3o se beneficiar de inscri\u00e7\u00f5es com tarifas reduzidas. Mais informa\u00e7\u00f5es ser\u00e3o publicadas em breve.<\/p>\n\n\n\n\n\n\n\n\n\n\n<h6>Patroc\u00ednio Diamante<\/h6>\n\n\n\n\n<h6>Patroc\u00ednio Ouro<\/h6>\n\n\n\n\n\n\n<h6>Patroc\u00ednios Prata<\/h6>\n\n\n<h6>Patroc\u00ednios Bronze<\/h6>\n\n\n\n\n\n\n\n\n\r\n<h6>Patrocinadores<\/h6>\r\n\n\n\n\n<h6>Patroc\u00ednio Diamante<\/h6>\n\n<h6>Patroc\u00ednio Ouro<\/h6>\n\n\n\n<h6>Patroc\u00ednios Prata<\/h6>\n\n<h6>Patroc\u00ednios Bronze<\/h6>\n\n\n\n\n\n\n\n\r\n<h6>Apoio<\/h6>\r\n\n\n\n\n\n\n\n\n\n\n\n\n\n\n","protected":false},"excerpt":{"rendered":"","protected":false},"author":1,"featured_media":0,"parent":0,"menu_order":0,"comment_status":"closed","ping_status":"closed","template":"","meta":{"pagelayer_contact_templates":[],"_pagelayer_content":"","footnotes":""},"class_list":["post-147","page","type-page","status-publish","hentry"],"_links":{"self":[{"href":"https:\/\/sbpr.org.br\/radio2022\/wp-json\/wp\/v2\/pages\/147","targetHints":{"allow":["GET"]}}],"collection":[{"href":"https:\/\/sbpr.org.br\/radio2022\/wp-json\/wp\/v2\/pages"}],"about":[{"href":"https:\/\/sbpr.org.br\/radio2022\/wp-json\/wp\/v2\/types\/page"}],"author":[{"embeddable":true,"href":"https:\/\/sbpr.org.br\/radio2022\/wp-json\/wp\/v2\/users\/1"}],"replies":[{"embeddable":true,"href":"https:\/\/sbpr.org.br\/radio2022\/wp-json\/wp\/v2\/comments?post=147"}],"version-history":[{"count":246,"href":"https:\/\/sbpr.org.br\/radio2022\/wp-json\/wp\/v2\/pages\/147\/revisions"}],"predecessor-version":[{"id":1149,"href":"https:\/\/sbpr.org.br\/radio2022\/wp-json\/wp\/v2\/pages\/147\/revisions\/1149"}],"wp:attachment":[{"href":"https:\/\/sbpr.org.br\/radio2022\/wp-json\/wp\/v2\/media?parent=147"}],"curies":[{"name":"wp","href":"https:\/\/api.w.org\/{rel}","templated":true}]}}