{"id":206,"date":"2022-02-05T13:26:31","date_gmt":"2022-02-05T13:26:31","guid":{"rendered":"https:\/\/sbpr.org.br\/radio2022\/about\/"},"modified":"2022-06-11T14:54:35","modified_gmt":"2022-06-11T14:54:35","slug":"comite","status":"publish","type":"page","link":"https:\/\/sbpr.org.br\/radio2022\/comite\/","title":{"rendered":"Comit\u00ea"},"content":{"rendered":"\n\n\n\r\n<h1>Organiza\u00e7\u00e3o RADIO 2022<\/h1>\r\n\n\n\n\n\n\n<h6>VI&nbsp; International Joint Conference RADIO 2022<\/h6>\n<p>Presidente: Nivaldo Carlos da Silva (LAPOC\/CNEN)<\/p>\n<p>Vice-presidente: Eduardo Medina Gironzini (Presidente de FRALC\/ Peru)<\/p>\n<p>Secret\u00e1ria Geral: Denise Levy (Omiccron \/SP)<\/p>\n\n\r\n<h6>IX Congresso Internacional De Radioprote\u00e7\u00e3o Industrial<\/h6>\r\n<p>Presidente: Kenia Mares (CORSEG\/ ABENDI \/ MG)<\/p>\r\n<p>Vice-presidente: Jo\u00e3o Antonio Conte (ABENDI)<\/p>\r\n<p>Secret\u00e1rio Geral: Jo\u00e3o Carlos Videira Jos\u00e9 (ARCTEST\/ SP)<\/p>\r\n\n\n<h6>VIII Congresso de Prote\u00e7\u00e3o Contra as Radia\u00e7\u00f5es da Comunidade dos Pa\u00edses de L\u00edngua Portuguesa<\/h6>\n<p>Presidente: Luis Neves (Universidade de Coimbra)<\/p>\n<p>Vice-presidente: Alfredo Lopes Ferreira Filho (IRD\/ RJ)<\/p>\n<p>Secret\u00e1rio Geral: Ricardo Mussica (Mo\u00e7ambique)<\/p>\n\n<h6>VII Congresso Brasileiro De Prote\u00e7\u00e3o Radiol\u00f3gica<\/h6>\n<p>Presidente: Jos\u00e9 Marcus de Oliveira Godoy (PUC\/ RJ)<\/p>\n<p>Vice-presidente: Eder Resende Moraes (USP campus Ribeir\u00e3o Preto)<\/p>\n<p>Secret\u00e1rio Geral: Maria da Penha Albuquerque Potiens (IPEN-CNEN\/ SP)<\/p>\n\n<h6>I Encontro Nacional De Mulheres Do Setor Nuclear<\/h6>\n<p>Presidente: Danila Dias (WiN Brasil)<\/p>\n<p>Vice-presidente: Lidia Vasconcellos de S\u00e1 (IRD\/ RJ)<\/p>\n<p>Secret\u00e1rio Geral: La\u00eds Alencar de Aguiar (IRD)<\/p>\n\n\n\n\n\r\n<h6>Comit\u00eas<\/h6>\r\n\n\n<h6>Comit\u00ea organizador<\/h6>\n<p>Graciano Paulo (Escola Superior de Tecnologia em Sa\u00fade de Coimbra, Portugal)<\/p>\n<p>Helen Khoury (DEN\/UFPE, PE)<\/p>\n<p>Fernando Ribeiro (IRD, RJ)<\/p>\n<p>Regio Gomes (IRD, RJ)<\/p>\n<p>Jos\u00e9 Ubiratan Delgado (IRD, RJ)<\/p>\n<p>Jos\u00e9 Guilherme Peixoto (IRD, RJ)<\/p>\n<p>Marcus Aurelio Pereira dos Santos (CRCN-NE, Recife)<\/p>\n<p>Cassia Helena Pereira Lima (CNEN\/Sede)<\/p><p>Augusto D Oliveira (Instituto Superior T\u00e9cnico, Universidade de Lisboa)<\/p><p>Eunicia Jo\u00e3o Goessa (Ag\u00eancia Nacional de Energia At\u00f3mica &#8211; Autoridade Reguladora &#8211; Mo\u00e7ambique)  <\/p>\n<p>Adelaide Benedita Armando Francisco (Ag\u00eancia Nacional de Energia At\u00f3mica &#8211; Autoridade Reguladora &#8211; Mo\u00e7ambique)  <\/p>\n<p>Clerides Mateus Mavie (Mo\u00e7ambique)  <\/p><p>Edna Machavane (Ag\u00eancia Nacional de Energia At\u00f3mica &#8211; Autoridade Reguladora &#8211; Mo\u00e7ambique)  <\/p>\n&nbsp;\n<h6>Representantes institucionais<\/h6>\n<p>LAPOC\/CNEN-MG: Marcos Trevisan Vasconcelos<\/p>\n<p>IPEN: Demerval Le\u00f4nidas Rodrigues e K\u00e1tia Fonseca Nomanton<\/p>\n<p>Eletrobras-Eletronuclear: Aylton Levandosqui Rodrigues<\/p>\n<p>IRD: L\u00eddia Vasconcellos de S\u00e1, Marcus Alexandre Vallim de Alencar e Alfredo Lopes Ferreira Filho<\/p>\n<p>AMAZUL: Leonardo Dalaqua Junior e Pablo Garcia Schuabb.<\/p>\n<p>CRCN-NE: Marcus Aur\u00e9lio Pereira dos santos e Elvis Joacir de Fran\u00e7a.<\/p>\n<p>SGB\/CPRM: Oderson Antonio de Souza Filho<\/p>\n<p>INB: Cesar Gustavo Silveira da Costa<\/p>\n <p>IEN\/CNEN: Val\u00e9ria da Fonseca e Silva Pastura<\/p>\n\r\n<h6>Comunica\u00e7\u00e3o<\/h6>\r\n<p>Denise Levy (Omiccron TI)<\/p>\r\n<p>Wellington Andrade (UFPE\/ PE)<\/p>\r\n<p>Humberto Nicanor Rios Junior (LAPOC\/CNEN-MG)<\/p>\r\n<p>Ricardo Augusto da Silva Alfenas (LAPOC\/CNEN-MG)<\/p>\r\n<p>Danila Dias (Win Brazil)<\/p>\r\n\n\r\n<h6>Rela\u00e7\u00f5es internacionais<\/h6>\r\n<p>Eliana Amaral (DRS\/CNEN)<\/p>\r\n<p>Walter Truppa (Argentina)<\/p>\r\n<p>Eduardo Medina (Peru)<\/p>\r\n\n\r\n<h6>Comit\u00ea cient\u00edfico<\/h6>\r\n<p>Fernando Roberto de Andrade Lima (CRCN-NE\/CNEN), Recife, PE<\/p>\r\n<p>Bernardo Dantas , Instituto de Radioprote\u00e7\u00e3o e Dosimetria (IRD), Rio de Janeiro, RJ<\/p>\r\n\n<p>Ademir de Jesus Amaral,&nbsp; Departamento de Energia Nuclear, Universidade Federal de Pernambuco (DEN\/UFPE), Recife, PE<\/p><p>Alfredo L Ferreira-Filho (IRD), Instituto de Radioprote\u00e7\u00e3o e Dosimetria Rio de Janeiro, RJ<\/p>\n<p>Alcides Jos\u00e9 Sousa Castilho Pereira, Departamento de Ci\u00eancias da Terra, Universidade de Coimbra, Coimbra, Portugal<\/p>\n<p>Altair Souza de Assis, Universidade Federal Fluminense (UFF), Rio de Janeiro, RJ<\/p>\n<p>Carlos Alberto Brayner de Oliveira Lira, Centro Regional de Ci\u00eancias Nucleares (CRCN-NE\/CNEN), Recife, PE<\/p>\n<p>Cassiana Viccari, USP campus Ribeir\u00e3o Prteto<\/p>\n<p>Denison de Souza Santos, Instituto de Radioprote\u00e7\u00e3o e Dosimetria (IRD), Rio de Janeiro, RJ<\/p>\n<p>Eder Resende Moraes (USP campus Ribeir\u00e3o Preto)<\/p>\n<p>Fernando Carlos Araujo Ribeiro, Instituto de Radioprote\u00e7\u00e3o e Dosimetria (IRD), Rio de Janeiro, RJ<\/p>\n<p>Graciano do Nascimento Nobre Paulo, Escola Superior de Tecnologia da Sa\u00fade de Coimbra (ESTeSC IPC), Portugal<\/p>\n<p>Helen Khoury, Departamento de Energia Nuclear, Universidade Federal de Pernambuco (DEN\/UFPE), Recife, PE<\/p>\n<p>Jos\u00e9 Guilherme Pereira Peixoto, Instituto de Radioprote\u00e7\u00e3o e Dosimetria (IRD), Rio de Janeiro, RJ<\/p>\n<p>Jos\u00e9 Marcus de Oliveira Godoy, Pontif\u00edcia Universidade Cat\u00f3lica do Rio de Janeiro (PUC-Rio), RJ<\/p>\n<p>Jos\u00e9 Ubiratan Delgado, Instituto de Radioprote\u00e7\u00e3o e Dosimetria (IRD), Rio de Janeiro, RJ<\/p>\n<p>Nivaldo Carlos da Silva, Laborat\u00f3rio de Po\u00e7os de Caldas (LAPOC\/CNEN), Po\u00e7os de Caldas, MG<\/p>\n<p>Pedro Manuel Peixoto Teles, Dep.de F\u00edsica e Astronomia, Faculdade de Ci\u00eancias, Universidade do Porto, Portugal<\/p>\n<p>Ricardo Tadeu Lopes, Programa de Engenharia Nuclear (PEN\/COPPE\/UFRJ), Rio de Janeiro, RJ<\/p>\n<p>Romilton dos Santos Amaral, Departamento de Energia Nuclear (DEN\/UFPE), Recife, PE<\/p>\n<p>Sergei A. Paschuk (UFTPR)<\/p>\n<p>Te\u00f3genes Augusto da Silva, Centro de Desenvolvimento da Tecnologia Nuclear (CDTN), Belo Horizonte, MG.<\/p>\n<p>Water Paes, USP campus Piracicaba<\/p>\n\n\n\n\n<h6>Organiza\u00e7\u00e3o externa<\/h6>\n\n\n\n\n\n<p>Ag\u00eancia de eventos: Prisma Eventos<\/p>\n<p>Coordenadora de eventos: Siomara Bonafe<\/p>\n\n\n\n\n\n\n\n\n","protected":false},"excerpt":{"rendered":"","protected":false},"author":1,"featured_media":0,"parent":0,"menu_order":0,"comment_status":"closed","ping_status":"closed","template":"","meta":{"pagelayer_contact_templates":[],"_pagelayer_content":"","footnotes":""},"class_list":["post-206","page","type-page","status-publish","hentry"],"_links":{"self":[{"href":"https:\/\/sbpr.org.br\/radio2022\/wp-json\/wp\/v2\/pages\/206","targetHints":{"allow":["GET"]}}],"collection":[{"href":"https:\/\/sbpr.org.br\/radio2022\/wp-json\/wp\/v2\/pages"}],"about":[{"href":"https:\/\/sbpr.org.br\/radio2022\/wp-json\/wp\/v2\/types\/page"}],"author":[{"embeddable":true,"href":"https:\/\/sbpr.org.br\/radio2022\/wp-json\/wp\/v2\/users\/1"}],"replies":[{"embeddable":true,"href":"https:\/\/sbpr.org.br\/radio2022\/wp-json\/wp\/v2\/comments?post=206"}],"version-history":[{"count":114,"href":"https:\/\/sbpr.org.br\/radio2022\/wp-json\/wp\/v2\/pages\/206\/revisions"}],"predecessor-version":[{"id":899,"href":"https:\/\/sbpr.org.br\/radio2022\/wp-json\/wp\/v2\/pages\/206\/revisions\/899"}],"wp:attachment":[{"href":"https:\/\/sbpr.org.br\/radio2022\/wp-json\/wp\/v2\/media?parent=206"}],"curies":[{"name":"wp","href":"https:\/\/api.w.org\/{rel}","templated":true}]}}

Comitê

<h1>Organização RADIO 2022</h1>






<h6>VI&nbsp; International Joint Conference RADIO 2022</h6>
<p>Presidente: Nivaldo Carlos da Silva (LAPOC/CNEN)</p>
<p>Vice-presidente: Eduardo Medina Gironzini (Presidente de FRALC/ Peru)</p>
<p>Secretária Geral: Denise Levy (Omiccron /SP)</p>


<h6>IX Congresso Internacional De Radioproteção Industrial</h6>
<p>Presidente: Kenia Mares (CORSEG/ ABENDI / MG)</p>
<p>Vice-presidente: João Antonio Conte (ABENDI)</p>
<p>Secretário Geral: João Carlos Videira José (ARCTEST/ SP)</p>


<h6>VIII Congresso de Proteção Contra as Radiações da Comunidade dos Países de Língua Portuguesa</h6>
<p>Presidente: Luis Neves (Universidade de Coimbra)</p>
<p>Vice-presidente: Alfredo Lopes Ferreira Filho (IRD/ RJ)</p>
<p>Secretário Geral: Ricardo Mussica (Moçambique)</p>

<h6>VII Congresso Brasileiro De Proteção Radiológica</h6>
<p>Presidente: José Marcus de Oliveira Godoy (PUC/ RJ)</p>
<p>Vice-presidente: Eder Resende Moraes (USP campus Ribeirão Preto)</p>
<p>Secretário Geral: Maria da Penha Albuquerque Potiens (IPEN-CNEN/ SP)</p>

<h6>I Encontro Nacional De Mulheres Do Setor Nuclear</h6>
<p>Presidente: Danila Dias (WiN Brasil)</p>
<p>Vice-presidente: Lidia Vasconcellos de Sá (IRD/ RJ)</p>
<p>Secretário Geral: Laís Alencar de Aguiar (IRD)</p>





<h6>Comitês</h6>


<h6>Comitê organizador</h6>
<p>Graciano Paulo (Escola Superior de Tecnologia em Saúde de Coimbra, Portugal)</p>
<p>Helen Khoury (DEN/UFPE, PE)</p>
<p>Fernando Ribeiro (IRD, RJ)</p>
<p>Regio Gomes (IRD, RJ)</p>
<p>José Ubiratan Delgado (IRD, RJ)</p>
<p>José Guilherme Peixoto (IRD, RJ)</p>
<p>Marcus Aurelio Pereira dos Santos (CRCN-NE, Recife)</p>
<p>Cassia Helena Pereira Lima (CNEN/Sede)</p><p>Augusto D Oliveira (Instituto Superior Técnico, Universidade de Lisboa)</p><p>Eunicia João Goessa (Agência Nacional de Energia Atómica &#8211; Autoridade Reguladora &#8211; Moçambique)  </p>
<p>Adelaide Benedita Armando Francisco (Agência Nacional de Energia Atómica &#8211; Autoridade Reguladora &#8211; Moçambique)  </p>
<p>Clerides Mateus Mavie (Moçambique)  </p><p>Edna Machavane (Agência Nacional de Energia Atómica &#8211; Autoridade Reguladora &#8211; Moçambique)  </p>
&nbsp;
<h6>Representantes institucionais</h6>
<p>LAPOC/CNEN-MG: Marcos Trevisan Vasconcelos</p>
<p>IPEN: Demerval Leônidas Rodrigues e Kátia Fonseca Nomanton</p>
<p>Eletrobras-Eletronuclear: Aylton Levandosqui Rodrigues</p>
<p>IRD: Lídia Vasconcellos de Sá, Marcus Alexandre Vallim de Alencar e Alfredo Lopes Ferreira Filho</p>
<p>AMAZUL: Leonardo Dalaqua Junior e Pablo Garcia Schuabb.</p>
<p>CRCN-NE: Marcus Aurélio Pereira dos santos e Elvis Joacir de França.</p>
<p>SGB/CPRM: Oderson Antonio de Souza Filho</p>
<p>INB: Cesar Gustavo Silveira da Costa</p>
 <p>IEN/CNEN: Valéria da Fonseca e Silva Pastura</p>

<h6>Comunicação</h6>
<p>Denise Levy (Omiccron TI)</p>
<p>Wellington Andrade (UFPE/ PE)</p>
<p>Humberto Nicanor Rios Junior (LAPOC/CNEN-MG)</p>
<p>Ricardo Augusto da Silva Alfenas (LAPOC/CNEN-MG)</p>
<p>Danila Dias (Win Brazil)</p>


<h6>Relações internacionais</h6>
<p>Eliana Amaral (DRS/CNEN)</p>
<p>Walter Truppa (Argentina)</p>
<p>Eduardo Medina (Peru)</p>


<h6>Comitê científico</h6>
<p>Fernando Roberto de Andrade Lima (CRCN-NE/CNEN), Recife, PE</p>
<p>Bernardo Dantas , Instituto de Radioproteção e Dosimetria (IRD), Rio de Janeiro, RJ</p>

<p>Ademir de Jesus Amaral,&nbsp; Departamento de Energia Nuclear, Universidade Federal de Pernambuco (DEN/UFPE), Recife, PE</p><p>Alfredo L Ferreira-Filho (IRD), Instituto de Radioproteção e Dosimetria Rio de Janeiro, RJ</p>
<p>Alcides José Sousa Castilho Pereira, Departamento de Ciências da Terra, Universidade de Coimbra, Coimbra, Portugal</p>
<p>Altair Souza de Assis, Universidade Federal Fluminense (UFF), Rio de Janeiro, RJ</p>
<p>Carlos Alberto Brayner de Oliveira Lira, Centro Regional de Ciências Nucleares (CRCN-NE/CNEN), Recife, PE</p>
<p>Cassiana Viccari, USP campus Ribeirão Prteto</p>
<p>Denison de Souza Santos, Instituto de Radioproteção e Dosimetria (IRD), Rio de Janeiro, RJ</p>
<p>Eder Resende Moraes (USP campus Ribeirão Preto)</p>
<p>Fernando Carlos Araujo Ribeiro, Instituto de Radioproteção e Dosimetria (IRD), Rio de Janeiro, RJ</p>
<p>Graciano do Nascimento Nobre Paulo, Escola Superior de Tecnologia da Saúde de Coimbra (ESTeSC IPC), Portugal</p>
<p>Helen Khoury, Departamento de Energia Nuclear, Universidade Federal de Pernambuco (DEN/UFPE), Recife, PE</p>
<p>José Guilherme Pereira Peixoto, Instituto de Radioproteção e Dosimetria (IRD), Rio de Janeiro, RJ</p>
<p>José Marcus de Oliveira Godoy, Pontifícia Universidade Católica do Rio de Janeiro (PUC-Rio), RJ</p>
<p>José Ubiratan Delgado, Instituto de Radioproteção e Dosimetria (IRD), Rio de Janeiro, RJ</p>
<p>Nivaldo Carlos da Silva, Laboratório de Poços de Caldas (LAPOC/CNEN), Poços de Caldas, MG</p>
<p>Pedro Manuel Peixoto Teles, Dep.de Física e Astronomia, Faculdade de Ciências, Universidade do Porto, Portugal</p>
<p>Ricardo Tadeu Lopes, Programa de Engenharia Nuclear (PEN/COPPE/UFRJ), Rio de Janeiro, RJ</p>
<p>Romilton dos Santos Amaral, Departamento de Energia Nuclear (DEN/UFPE), Recife, PE</p>
<p>Sergei A. Paschuk (UFTPR)</p>
<p>Teógenes Augusto da Silva, Centro de Desenvolvimento da Tecnologia Nuclear (CDTN), Belo Horizonte, MG.</p>
<p>Water Paes, USP campus Piracicaba</p>




<h6>Organização externa</h6>





<p>Agência de eventos: Prisma Eventos</p>
<p>Coordenadora de eventos: Siomara Bonafe</p>
