{"id":28,"date":"2022-02-03T23:01:54","date_gmt":"2022-02-03T23:01:54","guid":{"rendered":"https:\/\/sbpr.org.br\/radio2022\/services\/"},"modified":"2022-07-29T23:49:44","modified_gmt":"2022-07-29T23:49:44","slug":"local","status":"publish","type":"page","link":"https:\/\/sbpr.org.br\/radio2022\/local\/","title":{"rendered":"Local"},"content":{"rendered":"\n\n\n<h1>Rotas, Evento &amp; Turismo<\/h1>\n\n\n\n\n\n<h6>Como chegar em Po\u00e7os de Caldas<\/h6>\n\n\n\n<p style=\"\">O aeroporto mais pr\u00f3ximo \u00e9 o <strong>Aeroporto Internacional de Viracopos<\/strong> que fica a 14 km do centro de Campinas.&nbsp;Da Rodovi\u00e1ria de Campinas a Po\u00e7os de Caldas h\u00e1 v\u00e1rios \u00f4nibus todos os dias. A viagem dura aproximadamente 3 horas.&nbsp;<\/p>\n\n\n<p style=\"\"><strong>De S\u00e3o Paulo: <\/strong>Rod. Adhemar Pereira de Barros (SP340) \u2013 liga\u00e7\u00e3o com S\u00e3o Paulo atrav\u00e9s do port\u00e3o de entrada de Campinas.&nbsp;<\/p><p style=\"\"><strong>De Belo Horizonte: <\/strong>Rod. Fern\u00e3o Dias (BR381).<strong>&nbsp;<\/strong><\/p><p style=\"\"><strong>Do Rio de Janeiro:<\/strong> Rod. Presidente Dutra (BR116).<\/p>\n\n\n<p style=\"\">Linhas intermunicipais ligam a cidade a S\u00e3o Paulo, Belo Horizonte, Rio de Janeiro, Bras\u00edlia, Campinas,&nbsp; entre outras. As empresas principais que operam&nbsp; em Po\u00e7os s\u00e3o: Cometa, R\u00e1pido Campinas, R\u00e1pido D\u2019Oeste, Gard\u00eania, Santa Cruz e Gontijo.<br><\/p>\n\n\n\n\n\n\n<h6>Descontos em transporte e hospedagem<\/h6>\n<p>Po\u00e7os de caldas \u00e9 uma cidade tur\u00edstica repleta de hoteis para todos os gostos e todos  os bolsos. A organiza\u00e7\u00e3o da RADIO 2022 est\u00e1 trabalhando em acordos para oferecer vantagens aos participantes do nosso evento. Para obter esses benef\u00edcios o participante deve estar devidamente inscrito. Confira os acordos estabelecidos at\u00e9 o momento.<\/p><p>&nbsp; <strong><br><\/strong><span style=\"font-weight: 700;\">1. PASSAGENS A\u00c9REAS LATAM &#8211;<\/span>&nbsp;15% de desconto para associados e seus acompanhantes&nbsp;&#8211;<span style=\"font-weight: 700;\">&nbsp;<\/span>A empresa que gerencia essas reservas \u00e9 a Linha R\u00e1pida Turismo. Falar Daniela atrav\u00e9s do telefone 11 98157-3877 ou e-mail: danisantoslinha@yahoo.com .&nbsp;<\/p><p><strong><br><\/strong><\/p><p><strong>2. PALACE HOTEL &#8211;<\/strong>&nbsp;Dist\u00e2ncia do Evento : 290 metros &#8211;&nbsp;Valores de di\u00e1rias para Apartamentos Standard Interno.&nbsp;Apartamento individual R$160,00 &#8211; Apartamento duplo R$ 205,00 e Apartamento triplo R$ 266,00.&nbsp;A empresa que gerencia essas reservas \u00e9 a Linha R\u00e1pida Turismo. Falar com Daniela atrav\u00e9s do telefone 11 98157-3877 ou e-mail: danisantoslinha@yahoo.com . <span style=\"color:#e60000;\">OP\u00c7\u00c3O ESGOTADA &#8211; TODAS AS UNIDADES DISPONIBILIZADAS PARA A RADIO 2022 J\u00c1 FORAM RESERVADAS<\/span>.&nbsp;<br><\/p><p><span style=\"font-weight: 700;\"><br><\/span><\/p><p><span style=\"font-weight: 700;\">3. HOTEL LISBOA &#8211;<\/span>&nbsp;R. Bar\u00e3o do Campo M\u00edstico, 70 &#8211; Centro, Po\u00e7os de Caldas &#8211; telefone (35) 3729-0300. Di\u00e1ria&nbsp;Single por R$ 99,00.&nbsp; Quarto Duplo por R$ 190,00 a di\u00e1ria. Estes valores s\u00e3o v\u00e1lidos para reservas feitas diretamente com o hotel. Informar que \u00e9 participante da RADIO 2022.&nbsp;<strong><br><\/strong><\/p><p><br><\/p><p><span style=\"font-weight: 700;\">4. HOTEL BALNE\u00c1RIO &#8211;<\/span>&nbsp;Pra\u00e7a Dom Pedro II, 150 &#8211; Centro, Po\u00e7os de Caldas &#8211; telefone (35) 3722-2631. Di\u00e1ria&nbsp;Single por R$ 120,00.&nbsp; Valor v\u00e1lido para reservas feitas diretamente com o hotel. Informar que \u00e9 participante da RADIO 2022.&nbsp;<\/p><p><strong><br><\/strong><\/p><p><strong>5. HOTEL CARLTON PLAZA<\/strong> &#8211; Rua Junqueiras 601, Centro, Po\u00e7os de Caldas. Tel e zap 35 3722 3311 &#8211; email contato@carltonhoteis.com.br Di\u00e1ria apto single R$ 179,00 total R$ 716,00. Di\u00e1ria apto duplo R$ 230,00 total R$ 920,00. Incluso caf\u00e9 da manh\u00e3.<\/p><p><br><\/p>\n\n\n\n\n\r\n<h6>Local do evento<\/h6>\r\n\n<p>A RADIO 2022 acontecer\u00e1 no Palace Casino, localizado no Parque Jos\u00e9 Affonso Junqueira, centro de Po\u00e7os de Caldas, Minas Gerais. O edif\u00edcio, considerado patrim\u00f4nio hist\u00f3rico e arquitet\u00f4nico da cidade, foi inaugurado na d\u00e9cada de 30. At\u00e9 os dias de hoje, o espa\u00e7o \u00e9 sin\u00f4nimo de requinte e a sofistica\u00e7\u00e3o e atualmente conta com 3 sal\u00f5es e um audit\u00f3rio, onde ser\u00e3o realizados os eventos que integram a International Joint Conference RADIO 2022. Sua localiza\u00e7\u00e3o privilegiada possibilita aos congressistas aproveitarem ao m\u00e1ximo evento e entretenimento.<\/p>\n\r\n<p><iframe loading=\"lazy\" style=\"border: 0;\" src=\"https:\/\/www.google.com\/maps\/embed?pb=!1m16!1m12!1m3!1d1852.428445865584!2d-46.57101741696374!3d-21.7857989959397!2m3!1f0!2f0!3f0!3m2!1i1024!2i768!4f13.1!2m1!1sturismo%20centro%20po%C3%A7os%20de%20caldas!5e0!3m2!1sfr!2sbr!4v1645120159604!5m2!1sfr!2sbr\" width=\"100%\" height=\"450\" allowfullscreen=\"allowfullscreen\"><\/iframe><\/p>\r\n\n\n\n\n\n\r\n<h6>Passeios tur\u00edsticos em Po\u00e7os de Caldas<\/h6>\r\n\n\n\n\n<p style=\"font-size: 14px;\">Localizado a 1.500m de altitude, o Cristo Redentor \u00e9 um dos pontos tur\u00edsticos mais famosos de Po\u00e7os de Caldas. A visita pode ser feita de telef\u00e9rico, que parte do centro da cidade.<\/p><p style=\"font-size: 14px;\">(Fotografia:&nbsp;Victor Imesi)<\/p>\n\n\n<p style=\"font-size: 14px;\">Rel\u00f3gio gigante ornamentado com plantas e\nflores. Localizado na pra\u00e7a Get\u00falio Vargas, em frente \u00e0 Urca, local destinado a\nteatro, feiras e exposi\u00e7\u00f5es. N\u00e3o deixe de conhecer!<\/p><p style=\"font-size: 14px;\">(Fotografia:&nbsp;Mike Thor)<br><\/p>\n\n\n<p style=\"font-size: 14px;\">Po\u00e7os de Caldas \u00e9 palco de maravilhas da natureza. Dois dos principais atrativos para os turistas s\u00e3o as famosa cahoeiras conhecidas como V\u00e9u das noivas e Cascata das Antas.<\/p><p style=\"font-size: 14px;\">(Fotografia:&nbsp;Renato J. Munizz)<br><\/p>\n\n\n\n\n<p style=\"font-size: 14px;\">Principal cart\u00e3o postal de Po\u00e7os de Caldas. Abriga o tradicional Palace Hotel e o coreto, conhecido por suas apresenta\u00e7\u00f5es musicais e por ser ponto de encontro para dan\u00e7as.<\/p><p style=\"font-size: 14px;\">(Fotografia:&nbsp;Lucas Andrade Malaquias)<br><\/p>\n\n\n<p style=\"font-size: 14px;\">Balne\u00e1rio que oferece banhos em \u00e1guas termais e abriga um charmoso caf\u00e9. Seu vitral \u00e9 um encanto \u00e0 parte, \u00e9 um dos locais mais fotografados da cidade e j\u00e1 foi cen\u00e1rio de novelas na TV.<\/p><p style=\"font-size: 14px;\">(Fotografia: Isa Denzin)<br><\/p>\n\n\n<p style=\"font-size: 14px;\">Situado em mans\u00e3o hist\u00f3rica, abriga amplo acervo fotogr\u00e1fico e mobili\u00e1rio, incluindo registros das visitas \u00e0 cidade de personagens hist\u00f3ricos como D. Pedro II e Juscelino Kubitschek.<\/p><p style=\"font-size: 14px;\">(Fotografia:&nbsp;Olhar do C\u00e9u)<\/p>\n\n\n\n\n\n\n\r\n<h2>A famosa culin\u00e1ria mineira<\/h2>\r\n\n\n\r\n<p style=\"text-align: center; color: #ffffff;\">A comida mineira \u00e9 marcada por temperos e ingredientes que caracterizam uma cozinha simples e criativa, carregada de afeto e de hist\u00f3ria. A culin\u00e1ria mineira traz elementos que apontam para a diversidade local iniciada, ainda, com o primeiro adentramento dos exploradores de ouro. Portugueses, negros e ind\u00edgenas passaram a compartilhar h\u00e1bitos e ingredientes, at\u00e9 ent\u00e3o singulares, que, ao longo do tempo, enraizaram uma cultura gastron\u00f4mica \u00fanica e que valorizava, cada vez mais, o regionalismo.<\/p>\r\n\n\n\n\n\n\n<h6>Linda pela pr\u00f3pria natureza!<\/h6><p>Cr\u00e9ditos fotografias: (1) Coreto: Victor Imesi; (2) Pedra Bal\u00e3o: Roberto Barbosa Cardillo; (3) Calend\u00e1rio Floral: Humberto Nicanor Rios J\u00fanior; (4) V\u00e9u das Noivas: Renato J. Munizz\n\n\n\n\n\n\n\n\n\n\n\n\n\n\n\n\n\n\n\n\n\n","protected":false},"excerpt":{"rendered":"","protected":false},"author":1,"featured_media":0,"parent":0,"menu_order":0,"comment_status":"closed","ping_status":"closed","template":"","meta":{"pagelayer_contact_templates":[],"_pagelayer_content":"","footnotes":""},"class_list":["post-28","page","type-page","status-publish","hentry"],"_links":{"self":[{"href":"https:\/\/sbpr.org.br\/radio2022\/wp-json\/wp\/v2\/pages\/28","targetHints":{"allow":["GET"]}}],"collection":[{"href":"https:\/\/sbpr.org.br\/radio2022\/wp-json\/wp\/v2\/pages"}],"about":[{"href":"https:\/\/sbpr.org.br\/radio2022\/wp-json\/wp\/v2\/types\/page"}],"author":[{"embeddable":true,"href":"https:\/\/sbpr.org.br\/radio2022\/wp-json\/wp\/v2\/users\/1"}],"replies":[{"embeddable":true,"href":"https:\/\/sbpr.org.br\/radio2022\/wp-json\/wp\/v2\/comments?post=28"}],"version-history":[{"count":63,"href":"https:\/\/sbpr.org.br\/radio2022\/wp-json\/wp\/v2\/pages\/28\/revisions"}],"predecessor-version":[{"id":1042,"href":"https:\/\/sbpr.org.br\/radio2022\/wp-json\/wp\/v2\/pages\/28\/revisions\/1042"}],"wp:attachment":[{"href":"https:\/\/sbpr.org.br\/radio2022\/wp-json\/wp\/v2\/media?parent=28"}],"curies":[{"name":"wp","href":"https:\/\/api.w.org\/{rel}","templated":true}]}}

<h1>Rotas, Evento &amp; Turismo</h1>





<h6>Como chegar em Poços de Caldas</h6>



<p style="">O aeroporto mais próximo é o <strong>Aeroporto Internacional de Viracopos</strong> que fica a 14 km do centro de Campinas.&nbsp;Da Rodoviária de Campinas a Poços de Caldas há vários ônibus todos os dias. A viagem dura aproximadamente 3 horas.&nbsp;</p>


<p style=""><strong>De São Paulo: </strong>Rod. Adhemar Pereira de Barros (SP340) – ligação com São Paulo através do portão de entrada de Campinas.&nbsp;</p><p style=""><strong>De Belo Horizonte: </strong>Rod. Fernão Dias (BR381).<strong>&nbsp;</strong></p><p style=""><strong>Do Rio de Janeiro:</strong> Rod. Presidente Dutra (BR116).</p>


<p style="">Linhas intermunicipais ligam a cidade a São Paulo, Belo Horizonte, Rio de Janeiro, Brasília, Campinas,&nbsp; entre outras. As empresas principais que operam&nbsp; em Poços são: Cometa, Rápido Campinas, Rápido D’Oeste, Gardênia, Santa Cruz e Gontijo.<br></p>






<h6>Descontos em transporte e hospedagem</h6>
<p>Poços de caldas é uma cidade turística repleta de hoteis para todos os gostos e todos  os bolsos. A organização da RADIO 2022 está trabalhando em acordos para oferecer vantagens aos participantes do nosso evento. Para obter esses benefícios o participante deve estar devidamente inscrito. Confira os acordos estabelecidos até o momento.</p><p>&nbsp; <strong><br></strong><span style="font-weight: 700;">1. PASSAGENS AÉREAS LATAM &#8211;</span>&nbsp;15% de desconto para associados e seus acompanhantes&nbsp;&#8211;<span style="font-weight: 700;">&nbsp;</span>A empresa que gerencia essas reservas é a Linha Rápida Turismo. Falar Daniela através do telefone 11 98157-3877 ou e-mail: danisantoslinha@yahoo.com .&nbsp;</p><p><strong><br></strong></p><p><strong>2. PALACE HOTEL &#8211;</strong>&nbsp;Distância do Evento : 290 metros &#8211;&nbsp;Valores de diárias para Apartamentos Standard Interno.&nbsp;Apartamento individual R$160,00 &#8211; Apartamento duplo R$ 205,00 e Apartamento triplo R$ 266,00.&nbsp;A empresa que gerencia essas reservas é a Linha Rápida Turismo. Falar com Daniela através do telefone 11 98157-3877 ou e-mail: danisantoslinha@yahoo.com . <span style="color:#e60000;">OPÇÃO ESGOTADA &#8211; TODAS AS UNIDADES DISPONIBILIZADAS PARA A RADIO 2022 JÁ FORAM RESERVADAS</span>.&nbsp;<br></p><p><span style="font-weight: 700;"><br></span></p><p><span style="font-weight: 700;">3. HOTEL LISBOA &#8211;</span>&nbsp;R. Barão do Campo Místico, 70 &#8211; Centro, Poços de Caldas &#8211; telefone (35) 3729-0300. Diária&nbsp;Single por R$ 99,00.&nbsp; Quarto Duplo por R$ 190,00 a diária. Estes valores são válidos para reservas feitas diretamente com o hotel. Informar que é participante da RADIO 2022.&nbsp;<strong><br></strong></p><p><br></p><p><span style="font-weight: 700;">4. HOTEL BALNEÁRIO &#8211;</span>&nbsp;Praça Dom Pedro II, 150 &#8211; Centro, Poços de Caldas &#8211; telefone (35) 3722-2631. Diária&nbsp;Single por R$ 120,00.&nbsp; Valor válido para reservas feitas diretamente com o hotel. Informar que é participante da RADIO 2022.&nbsp;</p><p><strong><br></strong></p><p><strong>5. HOTEL CARLTON PLAZA</strong> &#8211; Rua Junqueiras 601, Centro, Poços de Caldas. Tel e zap 35 3722 3311 &#8211; email contato@carltonhoteis.com.br Diária apto single R$ 179,00 total R$ 716,00. Diária apto duplo R$ 230,00 total R$ 920,00. Incluso café da manhã.</p><p><br></p>





<h6>Local do evento</h6>

<p>A RADIO 2022 acontecerá no Palace Casino, localizado no Parque José Affonso Junqueira, centro de Poços de Caldas, Minas Gerais. O edifício, considerado patrimônio histórico e arquitetônico da cidade, foi inaugurado na década de 30. Até os dias de hoje, o espaço é sinônimo de requinte e a sofisticação e atualmente conta com 3 salões e um auditório, onde serão realizados os eventos que integram a International Joint Conference RADIO 2022. Sua localização privilegiada possibilita aos congressistas aproveitarem ao máximo evento e entretenimento.</p>

<p><iframe loading="lazy" style="border: 0;" src="https://www.google.com/maps/embed?pb=!1m16!1m12!1m3!1d1852.428445865584!2d-46.57101741696374!3d-21.7857989959397!2m3!1f0!2f0!3f0!3m2!1i1024!2i768!4f13.1!2m1!1sturismo%20centro%20po%C3%A7os%20de%20caldas!5e0!3m2!1sfr!2sbr!4v1645120159604!5m2!1sfr!2sbr" width="100%" height="450" allowfullscreen="allowfullscreen"></iframe></p>






<h6>Passeios turísticos em Poços de Caldas</h6>




<p style="font-size: 14px;">Localizado a 1.500m de altitude, o Cristo Redentor é um dos pontos turísticos mais famosos de Poços de Caldas. A visita pode ser feita de teleférico, que parte do centro da cidade.</p><p style="font-size: 14px;">(Fotografia:&nbsp;Victor Imesi)</p>


<p style="font-size: 14px;">Relógio gigante ornamentado com plantas e
flores. Localizado na praça Getúlio Vargas, em frente à Urca, local destinado a
teatro, feiras e exposições. Não deixe de conhecer!</p><p style="font-size: 14px;">(Fotografia:&nbsp;Mike Thor)<br></p>


<p style="font-size: 14px;">Poços de Caldas é palco de maravilhas da natureza. Dois dos principais atrativos para os turistas são as famosa cahoeiras conhecidas como Véu das noivas e Cascata das Antas.</p><p style="font-size: 14px;">(Fotografia:&nbsp;Renato J. Munizz)<br></p>




<p style="font-size: 14px;">Principal cartão postal de Poços de Caldas. Abriga o tradicional Palace Hotel e o coreto, conhecido por suas apresentações musicais e por ser ponto de encontro para danças.</p><p style="font-size: 14px;">(Fotografia:&nbsp;Lucas Andrade Malaquias)<br></p>


<p style="font-size: 14px;">Balneário que oferece banhos em águas termais e abriga um charmoso café. Seu vitral é um encanto à parte, é um dos locais mais fotografados da cidade e já foi cenário de novelas na TV.</p><p style="font-size: 14px;">(Fotografia: Isa Denzin)<br></p>


<p style="font-size: 14px;">Situado em mansão histórica, abriga amplo acervo fotográfico e mobiliário, incluindo registros das visitas à cidade de personagens históricos como D. Pedro II e Juscelino Kubitschek.</p><p style="font-size: 14px;">(Fotografia:&nbsp;Olhar do Céu)</p>







<h2>A famosa culinária mineira</h2>



<p style="text-align: center; color: #ffffff;">A comida mineira é marcada por temperos e ingredientes que caracterizam uma cozinha simples e criativa, carregada de afeto e de história. A culinária mineira traz elementos que apontam para a diversidade local iniciada, ainda, com o primeiro adentramento dos exploradores de ouro. Portugueses, negros e indígenas passaram a compartilhar hábitos e ingredientes, até então singulares, que, ao longo do tempo, enraizaram uma cultura gastronômica única e que valorizava, cada vez mais, o regionalismo.</p>






<h6>Linda pela própria natureza!</h6><p>Créditos fotografias: (1) Coreto: Victor Imesi; (2) Pedra Balão: Roberto Barbosa Cardillo; (3) Calendário Floral: Humberto Nicanor Rios Júnior; (4) Véu das Noivas: Renato J. Munizz
