{"id":910,"date":"2022-06-11T16:37:54","date_gmt":"2022-06-11T16:37:54","guid":{"rendered":"https:\/\/sbpr.org.br\/radio2022\/about\/"},"modified":"2022-08-13T16:29:33","modified_gmt":"2022-08-13T16:29:33","slug":"tuesday","status":"publish","type":"page","link":"https:\/\/sbpr.org.br\/radio2022\/tuesday\/","title":{"rendered":"Tuesday 16\/08"},"content":{"rendered":"\n\n\n\r\n<h1>Tuesday 16\/08<\/h1>\r\n\n\n\n\n\n\n<h6>8h00 \u00e0s 9h00<\/h6>\n<p>Cursos de atualiza\u00e7\u00e3o profissional<strong><br><br><\/strong><\/p><p><strong>RC 01 &#8211; Atualiza\u00e7\u00e3o para Supervisores e demais membros do Servi\u00e7o de Radioprote\u00e7\u00e3o<\/strong><\/p><p>(Refreshing course for Supervisors and other Radiation Protection Service professionals)<\/p><p>Professor: Alfredo Lopes Ferreira Filho (IRD\/CNEN) e&nbsp;Matias Puga Sanches (IPEN)<\/p><p>Sala: Teatro<\/p><p><strong><br><\/strong><\/p><p><strong>RC 02a \u2013 Licenciamento de instala\u00e7\u00f5es contendo NORM: Prote\u00e7\u00e3o Radiol\u00f3gica<\/strong><\/p><p>(Licensing of facilities containing NORM: Radiological Protection)<\/p><p>Professor: Gabriel Jabarra (JABARRA Radioprote\u00e7\u00e3o)<\/p><p>Sala: Audit\u00f3rio<\/p><p><strong><br><\/strong><\/p><p><strong>RC 03a &#8211; Dosimetria em aplica\u00e7\u00f5es m\u00e9dicas: \u00e1rea nuclear<\/strong><\/p><p>(Dosimetry in medical uses of ionizing radiation &#8211; Nuclear Medicine)<\/p><p>Professor: Leanderson Pereira (IRD)<\/p><p>Sala: Sal\u00e3o de Ch\u00e1<\/p>\n\n<h6>9h00 \u00e0s 10h30<\/h6>\n<p><strong>ML 02:&nbsp;<\/strong><b>The radiation protection system and future challenges<\/b><\/p><p>Chair: Ricardo Fraga Gutterres (CNEN)<br>Palestrante: Abel Gonzalez (ARN)<\/p><p><\/p>\n<p>Local: Teatro<\/p>\n\n\r\n<h6>10h30 \u00e0s 11h00<\/h6>\r\n<p>Coffee break e apresenta\u00e7\u00e3o de p\u00f4steres<\/p>\r\n\n\n<h6>11h00 \u00e0s 12h00<\/h6>\n<p><span style=\"font-weight: 700;\">TL 01 &#8211; The evolution of the ICRP&#8217;s Paradigm to deal with NORM and environmental remediation regulation<\/span><br><\/p><p>Chair:&nbsp;La\u00eds Alencar de Aguiar<br>Palestrante:&nbsp;Analia Cecilia Canoba (ICRP)<br><\/p><p>Local: Teatro<br><br><\/p><p><strong>TL 02 &#8211; The relationship between justification and optimization in the use of radiation sources in the medical field<\/strong><\/p><p>Chair: L\u00eddia Vasconcelos de S\u00e1 (IRD)<br>Palestrante: Carlos Eduardo Veloso de Almeida  (UERJ)<\/p>\n<p>Local: Audit\u00f3rio<br><br><\/p>\n<p><strong>RT 01 &#8211; Public Communication on Nuclear Science<\/strong><br>Chai: Denise Levy (SBPR)<br>Palestrantes: Fabiano Petruceli (GSI-PR),&nbsp;Helen Khoury (DEN-UFPE),&nbsp;Danila Dias (WIN Brasil),&nbsp;&nbsp;Denise Levy (SBPR)&nbsp;<\/p>\n<p>Local: Sal\u00e3o de ch\u00e1<\/p>\n\n<h6>12h00 \u00e0s 13h00<\/h6>\n<p><strong><br><\/strong><\/p><p><span style=\"font-weight: 700;\">RT 02- Challenges of environmental radiation protection and remediation<\/span><br>Chair: Mariza Ramalho Franklin (CNEN)<br>Palestrantes: Horst Monken Fernandes &nbsp;(IAEA), Diego Telleria &nbsp;(IAEA), Olvido Guzman Lopez-Ocon&nbsp;&nbsp;(IAEA)<br><\/p><p>Local: Teatro<br><br><\/p><p><strong>TL 03 &#8211; Medical and occupational exposures around the world: results of the UNSCEAR 2020\/21 surveys<\/strong><br>Chair:&nbsp;Daniela Villa Flor Montes Rey Silva<br>Palestrante:&nbsp;L\u00eddia Vasconcelos de S\u00e1 (IRD)<\/p>\n<p>Local: Audit\u00f3rio<br><\/p>\n<p><br><\/p><p><strong>RT 03 &#8211; Knowledge Management in Radiological Protection<br><\/strong>Chair: Eduardo Medina Gironzini (FRALC)<br>Palestrantes: Cte. Tom\u00e9 Albertino de Souza Machado (AMAZUL) ; Eduardo Medina Gironzini (FRALC)<strong><br><\/strong><\/p><p>Local: Sal\u00e3o de ch\u00e1&nbsp;<br><\/p>\n\n<h6>13h00 \u00e0s 14h30<\/h6>\n<p>Almo\u00e7o<\/p>\n\n<h6>14h30 \u00e0s 15h30<\/h6>\n<p><span style=\"font-weight: 700;\">RT 04 &#8211; Indoor radon: German and Portuguese experiences<\/span><br><\/p><p>Chair:&nbsp;Sergei Anatolyevich Paschuk (UFTPR)<br>Palestrantes:&nbsp;Peter Bossew &nbsp;(BfS-Alemanha), Alcides Pereira, Jorge Laguna (Universidade de Coimbra (Portugal), Lene Holanda Sadler Veiga (NIH, DHHS)<span style=\"font-weight: 700;\"><br><\/span><\/p><p>Local: Teatro<br><br><\/p><p><strong>14h30 \u00e0s 15h00 -TL 04- REPROLAM: what we are doing to improve occupational exposures assessment?<\/strong><br>Chair: Penha Albuquerque Potiens (IPEN)<br>Palestrante:&nbsp;Luiz Ernesto Santos de Carvalho Matta&nbsp;(DEN\/UFPE)<\/p>\n<p>Local: Audit\u00f3rio<br><\/p><p><strong>15h00 \u00e0s 15h30 &#8211; TL 05- Metrology for social inclusion<\/strong><br>Chair: Giovane de Jesus Teixeira (Universidade Est\u00e1cio de S\u00e1)<br>Palestrantes:&nbsp;Alfredo Lopes Ferreira Filho (IRD),&nbsp;Carlos Henrique Sim\u00f5es de Sousa (Consultor IRTech)<\/p><p>Local: Audit\u00f3rio<\/p><p><br><\/p>\n<p><strong>RT 05 &#8211; Training requirements for Radiation Protection Supervisors<\/strong><br>Chair:&nbsp; Kenia Mares (ABENDI)<br>Palestrantes:&nbsp;Cleber Jabarra (Jabarra Radioprote\u00e7\u00e3o), Lidia Vasconcelos de S\u00e1 (IRD)<br><\/p>\n<p>Local: Sal\u00e3o de ch\u00e1<\/p>\n\n<h6>15h30 \u00e0s 17h10<\/h6>\n<p><strong>Apresenta\u00e7\u00f5es orais&nbsp;<\/strong><\/p>\n<p><strong>Sess\u00e3o Oral 01 \u2013 Radia\u00e7\u00e3o Natural e NORM<\/strong><br><\/p><p><strong>Sala: Teatro<\/strong><\/p><p><strong>Coordenador da Sess\u00e3o: Jos\u00e9 Marcus Godoy<br>Vice Coordenador: Paulo Roberto Ferreira\u2019<\/strong><br><br><\/p><p>RE135 &#8211; Measurements of radon and radium activity in well waters from the Carambe\u00ed rural region of Paran\u00e1 state, Brazil&nbsp; (Paschuk S.A., Oliveira M., Corr\u00eaa J.N. , Palma S., Martin M., Antonelli F. and Souza Filho O.A.)<br><\/p><p>RE 139 &#8211; Radon activity in Curitiba urban area and Carambe\u00ed rural region,Paran\u00e1, Brazil (Janine Nicolosi Corr\u00eaa)<br><\/p><p>E177 &#8211; Plano Nacional para o Rad\u00e3o, o caso portugu\u00eas (Margarida Malta, Helo\u00edsa Fonseca, Catarina Antunes, Maria Jos\u00e9 Trindade)<br><\/p><p>RE183 &#8211; Indoor radon: German and Portuguese experiences\u201d: State of European radon abatement policy (Bossew P., Suhr N.)<br><\/p><p>RE200 &#8211; Updates on the Brazilian Radon Risk Program&nbsp; (Souza Filho&nbsp; O. A., Adami,&nbsp;&nbsp;E. R., Correia&nbsp; J., Sergei,&nbsp;&nbsp;P., Ferreira&nbsp; P. R., Merol,&nbsp;&nbsp;Y., Silva&nbsp; N. C., Oliveira,&nbsp;&nbsp;C. H. E., Costa, J.S.D., Paniz,&nbsp;&nbsp;V.M.V, Costa&nbsp; S. S., ardoso,&nbsp;&nbsp;A.C., Fries M., Ferreira,&nbsp;F. J. F., Antonelli F., Ofterdinger U.)<br><br><\/p><p><span style=\"font-weight: 700;\">Sess\u00e3o Oral 02 \u2013 PR Ocupacional<\/span><\/p><p><span style=\"font-weight: 700;\">Sala: Audit\u00f3rio<\/span><\/p><p><span style=\"font-weight: 700;\">Coordenador da Sess\u00e3o: Jos\u00e9 Wilson Vieira<\/span><\/p><p><span style=\"font-weight: 700;\">Vice Coordenador: Luiz Mata<\/span><\/p><p><br><\/p><p>RE8 &#8211; Exposi\u00e7\u00e3o \u00e0 radia\u00e7\u00e3o na Central Nuclear Almirante \u00c1lvaro Alberto \u2013 CNAAA (Assun\u00e7\u00e3o H.S, Amarante J.W., Ramos M.A.P., S\u00e1 M.S)<\/p><p>RE 22 &#8211; Occupational Radiological Protection in Decommissioning Unit of Caldas in 2021<span style=\"white-space: pre;\">\t<\/span>(Marcelino Dantas, Py Junior D. A)<br><\/p><p>RE23 &#8211; Comments on Optimization for the Decommissioning of Nuclear Installations in Situation of Existing Exposure<span style=\"white-space: pre;\">\t<\/span>(Py Junior D. A., Dantas M. V. A.)<br><\/p><p>RE32 -. Quantitative evaluation of radiation protection in industrial gamma radiography through regulatory inspection<span style=\"white-space: pre;\">\t<\/span>(Mussica, R. P)<br><\/p><p>RE145 &#8211; Gest\u00e3o da prote\u00e7\u00e3o radiol\u00f3gica em radiodiagn\u00f3stico&nbsp;<span style=\"white-space: pre;\">\t<\/span>(Huhn A., Paza K. R., Gusm\u00e3o T., Souza , D. C. S. B., Ribeiro G., Soares F. A. P., Scopel M. A., Faria C.R)<\/p><p><br><\/p><p><strong>Sess\u00e3o Oral 03 \u2013 Educa\u00e7\u00e3o, Treinamento e Divulga\u00e7\u00e3o<br><\/strong><\/p><p><strong>Sala: Sal\u00e3o de Ch\u00e1<\/strong><\/p><p><strong>Coordenador da Sess\u00e3o: M\u00e9rcia Liane Oliveira<\/strong><\/p><p><\/p><p><strong>Vice Coordenador: Anna Lucia Villavicencio<\/strong><\/p><p><br><\/p><p>RE 25 &#8211; Ludicidade na divulga\u00e7\u00e3o cient\u00edfica da energia nuclear (Val\u00e9ria Pastura)<\/p><p>RE36 &#8211; Propostas alternativas para o conhecimento e uso da Energia Nuclear (Zamboni C.B., Giovanni D.N.S., Koka A.C., Almeida M.R., Medeiros I.M.M.A., Le\u00e3o, A.R.)<\/p><p>RE41 &#8211; Treinamento em radioprote\u00e7\u00e3o no Sirius e seus desafios<span style=\"white-space:pre\">\t<\/span>(Vieira A. L. C., Moura F. N.)<\/p><p>RE42 &#8211; Implanta\u00e7\u00e3o de gest\u00e3o do conhecimento por meio de metodologia em setor membro do programa nuclear consolida o plano de sucess\u00e3o da empresa (Dalmaso R. C., Machado T. A. S.)<span style=\"white-space: pre;\">\t<\/span><\/p><p>RE105 &#8211; O processo de implementa\u00e7\u00e3o da gest\u00e3o do conhecimento no Instituto de Radioprote\u00e7\u00e3o e Dosimetria: a\u00e7\u00f5es e perspectivas nucleares (Razuck F. B., da Silvaa, A. A., Rodrigues, D. M., Acar, M. E. D., Cavalcante, G. V., Perrotta, P. R., Jesus P. F)<br>Local: Teatro , Audit\u00f3rio e Sal\u00e3o de ch\u00e1<\/p>\n\n<h6>17h10 \u00e0s 17h40<\/h6>\n<p>Coffee break e apresenta\u00e7\u00e3o de p\u00f4steres<\/p>\n\n<h6>17h40 \u00e0s 18h10<\/h6>\n<p><strong>Plen\u00e1ria de encerramento &#8211; Conclus\u00f5es dos trabalhos do dia<br><\/strong>Palestrantes:&nbsp;Denise Levy (SBPR), Eliana Amaral (CNEN)<strong><br><\/strong><\/p>\n<p>Local: Teatro<\/p>\n\n<h6>18h30 \u00e0s 20h00<\/h6>\n<p><span style=\"font-weight: 700;\">M 01 &#8211;&nbsp;<\/span><strong>Welcome Meeting: Women In Nuclear Brasil<\/strong><br>Palestrante: Danila Dias (WIN Brasil)<\/p><p>Local: Sal\u00e3o de ch\u00e1<\/p><p><br><strong>SC 01 &#8211; Radon measurements: Common objectives and challenges<\/strong><br>Chair:&nbsp;Paulo Roberto Ferreira<br>Palestrante:&nbsp;Margarida Malta &#8211; Ag\u00eancia Portuguesa do Ambiente (APA)<\/p>\n<p>Local: Audit\u00f3rio<br><\/p>\n\n\n\n","protected":false},"excerpt":{"rendered":"","protected":false},"author":1,"featured_media":0,"parent":0,"menu_order":0,"comment_status":"closed","ping_status":"closed","template":"","meta":{"pagelayer_contact_templates":[],"_pagelayer_content":"","footnotes":""},"class_list":["post-910","page","type-page","status-publish","hentry"],"_links":{"self":[{"href":"https:\/\/sbpr.org.br\/radio2022\/wp-json\/wp\/v2\/pages\/910","targetHints":{"allow":["GET"]}}],"collection":[{"href":"https:\/\/sbpr.org.br\/radio2022\/wp-json\/wp\/v2\/pages"}],"about":[{"href":"https:\/\/sbpr.org.br\/radio2022\/wp-json\/wp\/v2\/types\/page"}],"author":[{"embeddable":true,"href":"https:\/\/sbpr.org.br\/radio2022\/wp-json\/wp\/v2\/users\/1"}],"replies":[{"embeddable":true,"href":"https:\/\/sbpr.org.br\/radio2022\/wp-json\/wp\/v2\/comments?post=910"}],"version-history":[{"count":36,"href":"https:\/\/sbpr.org.br\/radio2022\/wp-json\/wp\/v2\/pages\/910\/revisions"}],"predecessor-version":[{"id":1138,"href":"https:\/\/sbpr.org.br\/radio2022\/wp-json\/wp\/v2\/pages\/910\/revisions\/1138"}],"wp:attachment":[{"href":"https:\/\/sbpr.org.br\/radio2022\/wp-json\/wp\/v2\/media?parent=910"}],"curies":[{"name":"wp","href":"https:\/\/api.w.org\/{rel}","templated":true}]}}

<h1>Tuesday 16/08</h1>






<h6>8h00 às 9h00</h6>
<p>Cursos de atualização profissional<strong><br><br></strong></p><p><strong>RC 01 &#8211; Atualização para Supervisores e demais membros do Serviço de Radioproteção</strong></p><p>(Refreshing course for Supervisors and other Radiation Protection Service professionals)</p><p>Professor: Alfredo Lopes Ferreira Filho (IRD/CNEN) e&nbsp;Matias Puga Sanches (IPEN)</p><p>Sala: Teatro</p><p><strong><br></strong></p><p><strong>RC 02a – Licenciamento de instalações contendo NORM: Proteção Radiológica</strong></p><p>(Licensing of facilities containing NORM: Radiological Protection)</p><p>Professor: Gabriel Jabarra (JABARRA Radioproteção)</p><p>Sala: Auditório</p><p><strong><br></strong></p><p><strong>RC 03a &#8211; Dosimetria em aplicações médicas: área nuclear</strong></p><p>(Dosimetry in medical uses of ionizing radiation &#8211; Nuclear Medicine)</p><p>Professor: Leanderson Pereira (IRD)</p><p>Sala: Salão de Chá</p>

<h6>9h00 às 10h30</h6>
<p><strong>ML 02:&nbsp;</strong><b>The radiation protection system and future challenges</b></p><p>Chair: Ricardo Fraga Gutterres (CNEN)<br>Palestrante: Abel Gonzalez (ARN)</p><p></p>
<p>Local: Teatro</p>


<h6>10h30 às 11h00</h6>
<p>Coffee break e apresentação de pôsteres</p>


<h6>11h00 às 12h00</h6>
<p><span style="font-weight: 700;">TL 01 &#8211; The evolution of the ICRP&#8217;s Paradigm to deal with NORM and environmental remediation regulation</span><br></p><p>Chair:&nbsp;Laís Alencar de Aguiar<br>Palestrante:&nbsp;Analia Cecilia Canoba (ICRP)<br></p><p>Local: Teatro<br><br></p><p><strong>TL 02 &#8211; The relationship between justification and optimization in the use of radiation sources in the medical field</strong></p><p>Chair: Lídia Vasconcelos de Sá (IRD)<br>Palestrante: Carlos Eduardo Veloso de Almeida  (UERJ)</p>
<p>Local: Auditório<br><br></p>
<p><strong>RT 01 &#8211; Public Communication on Nuclear Science</strong><br>Chai: Denise Levy (SBPR)<br>Palestrantes: Fabiano Petruceli (GSI-PR),&nbsp;Helen Khoury (DEN-UFPE),&nbsp;Danila Dias (WIN Brasil),&nbsp;&nbsp;Denise Levy (SBPR)&nbsp;</p>
<p>Local: Salão de chá</p>

<h6>12h00 às 13h00</h6>
<p><strong><br></strong></p><p><span style="font-weight: 700;">RT 02- Challenges of environmental radiation protection and remediation</span><br>Chair: Mariza Ramalho Franklin (CNEN)<br>Palestrantes: Horst Monken Fernandes &nbsp;(IAEA), Diego Telleria &nbsp;(IAEA), Olvido Guzman Lopez-Ocon&nbsp;&nbsp;(IAEA)<br></p><p>Local: Teatro<br><br></p><p><strong>TL 03 &#8211; Medical and occupational exposures around the world: results of the UNSCEAR 2020/21 surveys</strong><br>Chair:&nbsp;Daniela Villa Flor Montes Rey Silva<br>Palestrante:&nbsp;Lídia Vasconcelos de Sá (IRD)</p>
<p>Local: Auditório<br></p>
<p><br></p><p><strong>RT 03 &#8211; Knowledge Management in Radiological Protection<br></strong>Chair: Eduardo Medina Gironzini (FRALC)<br>Palestrantes: Cte. Tomé Albertino de Souza Machado (AMAZUL) ; Eduardo Medina Gironzini (FRALC)<strong><br></strong></p><p>Local: Salão de chá&nbsp;<br></p>

<h6>13h00 às 14h30</h6>
<p>Almoço</p>

<h6>14h30 às 15h30</h6>
<p><span style="font-weight: 700;">RT 04 &#8211; Indoor radon: German and Portuguese experiences</span><br></p><p>Chair:&nbsp;Sergei Anatolyevich Paschuk (UFTPR)<br>Palestrantes:&nbsp;Peter Bossew &nbsp;(BfS-Alemanha), Alcides Pereira, Jorge Laguna (Universidade de Coimbra (Portugal), Lene Holanda Sadler Veiga (NIH, DHHS)<span style="font-weight: 700;"><br></span></p><p>Local: Teatro<br><br></p><p><strong>14h30 às 15h00 -TL 04- REPROLAM: what we are doing to improve occupational exposures assessment?</strong><br>Chair: Penha Albuquerque Potiens (IPEN)<br>Palestrante:&nbsp;Luiz Ernesto Santos de Carvalho Matta&nbsp;(DEN/UFPE)</p>
<p>Local: Auditório<br></p><p><strong>15h00 às 15h30 &#8211; TL 05- Metrology for social inclusion</strong><br>Chair: Giovane de Jesus Teixeira (Universidade Estácio de Sá)<br>Palestrantes:&nbsp;Alfredo Lopes Ferreira Filho (IRD),&nbsp;Carlos Henrique Simões de Sousa (Consultor IRTech)</p><p>Local: Auditório</p><p><br></p>
<p><strong>RT 05 &#8211; Training requirements for Radiation Protection Supervisors</strong><br>Chair:&nbsp; Kenia Mares (ABENDI)<br>Palestrantes:&nbsp;Cleber Jabarra (Jabarra Radioproteção), Lidia Vasconcelos de Sá (IRD)<br></p>
<p>Local: Salão de chá</p>

<h6>15h30 às 17h10</h6>
<p><strong>Apresentações orais&nbsp;</strong></p>
<p><strong>Sessão Oral 01 – Radiação Natural e NORM</strong><br></p><p><strong>Sala: Teatro</strong></p><p><strong>Coordenador da Sessão: José Marcus Godoy<br>Vice Coordenador: Paulo Roberto Ferreira’</strong><br><br></p><p>RE135 &#8211; Measurements of radon and radium activity in well waters from the Carambeí rural region of Paraná state, Brazil&nbsp; (Paschuk S.A., Oliveira M., Corrêa J.N. , Palma S., Martin M., Antonelli F. and Souza Filho O.A.)<br></p><p>RE 139 &#8211; Radon activity in Curitiba urban area and Carambeí rural region,Paraná, Brazil (Janine Nicolosi Corrêa)<br></p><p>E177 &#8211; Plano Nacional para o Radão, o caso português (Margarida Malta, Heloísa Fonseca, Catarina Antunes, Maria José Trindade)<br></p><p>RE183 &#8211; Indoor radon: German and Portuguese experiences”: State of European radon abatement policy (Bossew P., Suhr N.)<br></p><p>RE200 &#8211; Updates on the Brazilian Radon Risk Program&nbsp; (Souza Filho&nbsp; O. A., Adami,&nbsp;&nbsp;E. R., Correia&nbsp; J., Sergei,&nbsp;&nbsp;P., Ferreira&nbsp; P. R., Merol,&nbsp;&nbsp;Y., Silva&nbsp; N. C., Oliveira,&nbsp;&nbsp;C. H. E., Costa, J.S.D., Paniz,&nbsp;&nbsp;V.M.V, Costa&nbsp; S. S., ardoso,&nbsp;&nbsp;A.C., Fries M., Ferreira,&nbsp;F. J. F., Antonelli F., Ofterdinger U.)<br><br></p><p><span style="font-weight: 700;">Sessão Oral 02 – PR Ocupacional</span></p><p><span style="font-weight: 700;">Sala: Auditório</span></p><p><span style="font-weight: 700;">Coordenador da Sessão: José Wilson Vieira</span></p><p><span style="font-weight: 700;">Vice Coordenador: Luiz Mata</span></p><p><br></p><p>RE8 &#8211; Exposição à radiação na Central Nuclear Almirante Álvaro Alberto – CNAAA (Assunção H.S, Amarante J.W., Ramos M.A.P., Sá M.S)</p><p>RE 22 &#8211; Occupational Radiological Protection in Decommissioning Unit of Caldas in 2021<span style="white-space: pre;">	</span>(Marcelino Dantas, Py Junior D. A)<br></p><p>RE23 &#8211; Comments on Optimization for the Decommissioning of Nuclear Installations in Situation of Existing Exposure<span style="white-space: pre;">	</span>(Py Junior D. A., Dantas M. V. A.)<br></p><p>RE32 -. Quantitative evaluation of radiation protection in industrial gamma radiography through regulatory inspection<span style="white-space: pre;">	</span>(Mussica, R. P)<br></p><p>RE145 &#8211; Gestão da proteção radiológica em radiodiagnóstico&nbsp;<span style="white-space: pre;">	</span>(Huhn A., Paza K. R., Gusmão T., Souza , D. C. S. B., Ribeiro G., Soares F. A. P., Scopel M. A., Faria C.R)</p><p><br></p><p><strong>Sessão Oral 03 – Educação, Treinamento e Divulgação<br></strong></p><p><strong>Sala: Salão de Chá</strong></p><p><strong>Coordenador da Sessão: Mércia Liane Oliveira</strong></p><p></p><p><strong>Vice Coordenador: Anna Lucia Villavicencio</strong></p><p><br></p><p>RE 25 &#8211; Ludicidade na divulgação científica da energia nuclear (Valéria Pastura)</p><p>RE36 &#8211; Propostas alternativas para o conhecimento e uso da Energia Nuclear (Zamboni C.B., Giovanni D.N.S., Koka A.C., Almeida M.R., Medeiros I.M.M.A., Leão, A.R.)</p><p>RE41 &#8211; Treinamento em radioproteção no Sirius e seus desafios<span style="white-space:pre">	</span>(Vieira A. L. C., Moura F. N.)</p><p>RE42 &#8211; Implantação de gestão do conhecimento por meio de metodologia em setor membro do programa nuclear consolida o plano de sucessão da empresa (Dalmaso R. C., Machado T. A. S.)<span style="white-space: pre;">	</span></p><p>RE105 &#8211; O processo de implementação da gestão do conhecimento no Instituto de Radioproteção e Dosimetria: ações e perspectivas nucleares (Razuck F. B., da Silvaa, A. A., Rodrigues, D. M., Acar, M. E. D., Cavalcante, G. V., Perrotta, P. R., Jesus P. F)<br>Local: Teatro , Auditório e Salão de chá</p>

<h6>17h10 às 17h40</h6>
<p>Coffee break e apresentação de pôsteres</p>

<h6>17h40 às 18h10</h6>
<p><strong>Plenária de encerramento &#8211; Conclusões dos trabalhos do dia<br></strong>Palestrantes:&nbsp;Denise Levy (SBPR), Eliana Amaral (CNEN)<strong><br></strong></p>
<p>Local: Teatro</p>

<h6>18h30 às 20h00</h6>
<p><span style="font-weight: 700;">M 01 &#8211;&nbsp;</span><strong>Welcome Meeting: Women In Nuclear Brasil</strong><br>Palestrante: Danila Dias (WIN Brasil)</p><p>Local: Salão de chá</p><p><br><strong>SC 01 &#8211; Radon measurements: Common objectives and challenges</strong><br>Chair:&nbsp;Paulo Roberto Ferreira<br>Palestrante:&nbsp;Margarida Malta &#8211; Agência Portuguesa do Ambiente (APA)</p>
<p>Local: Auditório<br></p>
