{"id":942,"date":"2022-06-11T20:04:41","date_gmt":"2022-06-11T20:04:41","guid":{"rendered":"https:\/\/sbpr.org.br\/radio2022\/about\/"},"modified":"2022-08-13T16:32:01","modified_gmt":"2022-08-13T16:32:01","slug":"thursday","status":"publish","type":"page","link":"https:\/\/sbpr.org.br\/radio2022\/thursday\/","title":{"rendered":"Thursday 18\/08"},"content":{"rendered":"\n\n\n\r\n<h1>Thursday 18\/08<\/h1>\r\n\n\n\n\n\n\n<h6>8h00 \u00e0s 9h00<\/h6>\n<p>Cursos de atualiza\u00e7\u00e3o profissional<strong><br><br><\/strong><\/p><p><strong>RC 01 &#8211; Atualiza\u00e7\u00e3o para Supervisores e demais membros do Servi\u00e7o de Radioprote\u00e7\u00e3o<\/strong><\/p><p>(Refreshing course for Supervisors and other Radiation Protection Service professionals)<\/p><p>Professor: Alfredo Lopes Ferreira Filho (IRD\/CNEN) e&nbsp;Matias Puga Sanches (IPEN)<br><\/p><p>Sala: Teatro<\/p><p><strong><br><\/strong><\/p><p><strong>RC 02c \u2013 Licenciamento de instala\u00e7\u00f5es contendo NORM: Desafios do gerenciamento do rejeito&nbsp;<\/strong><\/p><p>(Licensing of facilities containing NORM: Challenges on tailings management)&nbsp;<\/p><p>Professor: Marcelo Valinhas (PETROBRAS)<\/p><p>Sala: Audit\u00f3rio&nbsp;<\/p><p><strong><br><\/strong><\/p><p><strong>RC 03b &#8211; Dosimetria em aplica\u00e7\u00f5es m\u00e9dicas: Dose em \u00f3rg\u00e3os<\/strong><\/p><p>(Dosimetry in medical applications: doses in organs and optimization of CT procedures)<\/p><p>Professor: Paulo Roberto Costa&nbsp;(IFUSP)<\/p><p>Sala: Sal\u00e3o de Ch\u00e1<\/p>\n\n<h6>9h00 \u00e0s 10h30<\/h6>\n<p><strong>RT 13 &#8211; Perspectives for the Brazilian Nuclear Programme<\/strong><br>Chair:&nbsp;Leonardo Dalaqua Junior (Amazul)<br>Palestrantes:&nbsp;Roberto Travassos (ETN), Rafael Rad\u00e9 Pacheco (CTMSP), Cesar G.S. Costa (INB)<\/p>\n<p>Local: Teatro<\/p>\n\n\r\n<h6>10h30 \u00e0s 11h00<\/h6>\r\n<p>Coffee break e apresenta\u00e7\u00e3o de p\u00f4steres<\/p>\r\n\n\n<h6>11h00 \u00e0s 12h00<\/h6>\n<p><strong>RT 14 &#8211; National infrastructure challenges in new medical technologies<\/strong><br>Chair:&nbsp;Lidia Vasconcellos de S\u00e1 (IRD)<br>Palestrantes:&nbsp;Jos\u00e9 Ubiratan Delago (IRD), Carlos Eduardo Alves (CNEN), Lidia Vasconcellos de S\u00e1 (IRD)<br><\/p>\n<p>Local: Teatro<br><br><\/p>\n<p><strong>RT 15 &#8211; Occupational dosimetry methods and challenges<\/strong><br>Chair:&nbsp;Denison Santos<br>Palestrantes:&nbsp;Francisco C\u00e9sar A. da Silva (IRD), Yvone Mascarenhas, Fabiana Farias de Lima Guimar\u00e3es, Mariana Esposito Mendes<br><\/p>\n<p>Local: Audit\u00f3rio<br><br><\/p>\n<p><strong>RT 16- Uranium production in Brazil: past, present and future<\/strong><br>Chair:&nbsp;Cesar Gustavo Silveira da Costa<br>Palestrantes:&nbsp;Renata Rangel de Carvalho (INB), Marcio Jos\u00e9 Rem\u00e9dio&nbsp;(SGB\/CPRM)<br><\/p>\n<p>Local: Sal\u00e3o de ch\u00e1<\/p>\n\n<h6>12h00 \u00e0s 13h00<\/h6>\n<p><strong>(12h00 \u00e0s 12h30) <\/strong><strong>TL 08- Radiological Protection in Radiology &#8211; normative changes and practical use of IN\/ANVISA<\/strong><br>Chair:&nbsp;Cassiana Viccari Sacilotto (USP campus Ribeir\u00e3o Prteto)<br>Palestrante:&nbsp;Rochelle Likawka (CBR\/ABFM)<\/p><p><strong>(12h30 \u00e0s 13h00)&nbsp;<\/strong> <strong>TL 10 &#8211; Radiological Protection in Research&nbsp;<\/strong><br>Chair:&nbsp;Walter Siqueira Paes<br>Palestrante:&nbsp;Gilberto Furlan (CENA-USP)<br><\/p>\n<p>Local: Teatro<br><br><\/p>\n<p><strong>(12h00 \u00e0s 12h30): TL 09 &#8211; Industrial radiography and the ABNT NBR 15909, Fighting against radiophobia<\/strong><br>Chair:&nbsp;Paulo Eduardo Rabelo Lima<br>Palestrantes:&nbsp;Jan Marc Soares de Smid (RADIOSCAN), Jo\u00e3o Carlos Videira Jos\u00e9 (ARCTEST)<strong><br><\/strong><\/p><p><strong>(12h30 \u00e0s 13h00): TL 11-&nbsp; Security inspection<\/strong><br>Chair:&nbsp;Alfredo Lopes Ferreira Filho (IRD)<br>Palestrantes:&nbsp;Jarbas Santos Neiva (Nuctech), Caio Caraciolo Rodrigues Elias (CNEN)<br><\/p>\n<p>Local: Audit\u00f3rio<br><br><\/p>\n<p><strong>RT 17- Decomissioning of uranium production facilities<\/strong><br>Chair:&nbsp;Alexandre Pereira de Oliveira<br>Palestrantes:&nbsp;Jo\u00e3o Vi\u00e7oso da Silva Jr (INB), Luis Lopez (CNEA)<br><\/p>\n<p>Local: Sal\u00e3o de ch\u00e1<\/p>\n\n<h6>13h00 \u00e0s 14h30<\/h6>\n<p>Almo\u00e7o<\/p>\n\n<h6>14h30 \u00e0s 15h30<\/h6>\n<p><strong>RT 18 &#8211; Radiological Protection in Research<\/strong><br>Chair: Cassiana Viccari Sacilotto<br>Palestrantes:&nbsp;Patricia Gasparian (CNEN), Maria Emilia Takahashi (Unicamp), Almy R. da Silva (DSO-Reitoria-USP), Fernanda do Nascimento Moura (CNPEM)<\/p>\n<p>Local: Teatro<br><br><\/p>\n<p><strong>RT 19- Challenges and Opportunities for Food Irradiation<\/strong><br>Chair: Denise Levy (SBPR)<br>Palestrantes:&nbsp;Anna Lucia Casa\u00f1as Haasis Villavicencio (IPEN), Andr\u00e9a Figueiredo Proc\u00f3pio de Moura (MAPA)<br><\/p>\n<p>Local: Audit\u00f3rio<br><br><\/p>\n<p><strong>RT 20 &#8211; Radioactive waste and spent fuel management<\/strong><br>Chair:&nbsp;Nerbe Jos\u00e9 Ruperti Jr<br>Palestrantes:&nbsp;Denis Diniz Moura, Eric Gomes Arrais Cavalcante, Aylton Levandosqui Rodrigues, Marcelino Vicente de Almeida Dantas e Delcy de Azevedo Py Jr&nbsp;<br><\/p>\n<p>Local: Sal\u00e3o de ch\u00e1<\/p>\n\n<h6>15h30 \u00e0s 17h10<\/h6>\n<p><strong>Sess\u00e3o Oral 07 \u2013 Instrumenta\u00e7\u00e3o Nuclear, Radiometria e Dosimetria (2)<\/strong><\/p><p><strong>Sala: Teatro<\/strong><\/p><p><strong>Coordenador da Sess\u00e3o: Jos\u00e9 Ubiratan Delgado<\/strong><\/p><p><strong>Vice Coordenador: Ana Let\u00edcia Dantas<\/strong><\/p><p><br><\/p><p>RE28 &#8211; Fatores de corre\u00e7\u00e3o para medi\u00e7\u00f5es de atividade de 99mTc em seringas utilizadas em medicina nuclear (Cunha P. G., Rodrigues S. S. C. e Magalh\u00e3es L. A. G.)<\/p><p>RE50 &#8211; Medidas experimentais do campo de raios X de um irradiador autoblindado do IDQBRN\/CTEx (Amorim A. S., Balthar M.C.V., Carvalho B. M. R., Cautivo R. M., da Silva V.C., Guedes W. B., Rocha F. C. I. M., Silva T. M. S., Curzio R. C.)<\/p><p>RE150 &#8211; Espectrometria de fluoresc\u00eancia de raios X: uma t\u00e9cnica robusta para analisar res\u00edduos e rejeitos radioativos<span style=\"white-space:pre\">\t<\/span>(Scapin M. A., Tessari M. C. Z., Cotrim M. E. B.)<\/p><p>RE167 &#8211; Levantamento radiom\u00e9trico com Ve\u00edculo Terrestre Remotamente Pilotado em opera\u00e7\u00f5es de Defesa Qu\u00edmica, Biol\u00f3gica, Radiol\u00f3gica e Nuclear<span style=\"white-space:pre\">\t<\/span>(Azevedo A. M., Salazar A. P., Cardoso D. D\u2019O., Gon\u00e7alves J. L., Gonzales P. V., Ferreira V. A. V., Nunes W. V)<\/p><p>RE186 &#8211; An\u00e1lise computacional para detec\u00e7\u00e3o de parafina em oleodutos de \u00e1guas profundas utilizando t\u00e9cnicas nucleares (Leite N. M., Lira C. A. B. O., Rodriguez A. G)<\/p><p><strong><br><\/strong><\/p><p><strong>Sess\u00e3o Oral 08 \u2013 Simula\u00e7\u00e3o Matem\u00e1tica<br><\/strong><\/p><p><strong>Sala: Audit\u00f3rio<\/strong><\/p><p><strong>Coordenador da Sess\u00e3o: Denison Santos<\/strong><\/p><p><strong>Vice Coordenador: Jos\u00e9 Guilherme<\/strong><\/p><p><br><\/p><p>RE7 &#8211; Modelos computacionais de exposi\u00e7\u00e3o com fantomas de voxels acoplados ao c\u00f3digo Monte Carlo EGSNRCr (Jos\u00e9 Wilson VIEIRA, Viriato LEAL NETO, Pedro Henrique Avelino de ANDRADE, Alex Crist\u00f3v\u00e3o Holanda de OLIVEIRA, Vanildo J\u00fanior de Melo LIMA, Isabelle Viviane Batista de LACERDA, Lu\u00eds Rodrigo D\u2019Andrada BEZERRA, Arykerne Nascimento Casado da SILVA, William de Souza SANTOS, Ivan Eufr\u00e1zio de SANTANA, Whoody Alem Wanderley Araripe FARIAS, Larissa Cristina Silva dos SANTOS, Fernanda Gon\u00e7alves OLIVEIRA e Fernando Roberto de Andrade LIMA)<span style=\"white-space:pre\">\t<\/span><\/p><p>RE 84 &#8211; Projeto auxiliado por simula\u00e7\u00e3o Monte Carlo de um sistema gerador de n\u00eautrons t\u00e9rmicos a partir de fontes isot\u00f3picas de 241Am-Be<span style=\"white-space:pre\">\t<\/span>(Orozco A. C., Federico C. A., Gon\u00e7alez O. L)<span style=\"white-space:pre\">\t\t<\/span><\/p><p>RE125 &#8211; Desenvolvimento de Fantomas F\u00edsicos, Fantomas de Voxels e Modelos Computacionais de exposi\u00e7\u00e3o para medi\u00e7oes e simula\u00e7\u00f5es em Radia\u00e7\u00f5es Ionizantes. (Nathalia Ingrid de Lima Const\u00e2ncio; Cl\u00e1udio Jos\u00e9 Mesquita Menezes.)<span style=\"white-space:pre\">\t\t<\/span><\/p><p>RE138 &#8211; Study on depth of measurement and volume variation of nuclides used in nuclear medicine for \u201cin situ\u201d ionization chamber characterization \u2013 An experimental and Monte Carlo comparison<span style=\"white-space:pre\">\t<\/span>(Bueno, L.K.; Villani D.; Rodrigues Jr., O.; Potiens, M.P.A.)<span style=\"white-space:pre\">\t\t<\/span><\/p><p>RE227 &#8211; Evaluation of scale thickness in oil pipes using the Monte Carlo method in support of radiological protection programmes (Beserra M.T.F., Oliveira D.F.)<\/p><p>\u2003<\/p><p><strong>Sess\u00e3o Oral 09 \u2013 PR Ambiental e Gest\u00e3o de Rejeitos<br><\/strong><\/p><p><strong>Sala: Sal\u00e3o de Ch\u00e1<\/strong><\/p><p><strong>Coordenador da Sess\u00e3o: Demerval Rodrigues<\/strong><\/p><p><strong>Vice Coordenador: Lais Alencar<\/strong><\/p><p><br><\/p><p>RE17 &#8211; Radiochemical Assessment of Water Generated by Treatment Plants in the City of Po\u00e7os de Caldas-MG, Brazil (Nascimento, M. R. L.; Fukuma, H. T.; Alberti, H. L.C.; Bonif\u00e1cio, R. L. and Moreira, F. H. S.)<span style=\"white-space:pre\">\t<\/span><\/p><p>RE20 &#8211; Avalia\u00e7\u00e3o dos requisitos normativos de radioprote\u00e7\u00e3o relativos \u00e0 reutiliza\u00e7\u00e3o de rejeitos da minera\u00e7\u00e3o de ni\u00f3bio em MG<span style=\"white-space:pre\">\t<\/span>(Soares E. J. D., Santos T. O., Mazzaro, F. S., Almeida F. C. R., Mendes M. B., Fonseca T. C. F.)<span style=\"white-space:pre\">\t\t<\/span><\/p><p>RE131 &#8211; Aplica\u00e7\u00e3o do modelo matem\u00e1tico erica tool para c\u00e1lculo de risco radiol\u00f3gico dos efluentes de minera\u00e7\u00e3o de ur\u00e2nio na biota aqu\u00e1tica (Potenciano N.R.E.P., Pereira W. S., Carmo, A. S., Nascimento H.A.F.)<span style=\"white-space:pre\">\t\t<\/span><\/p><p>RE171 &#8211; Th-232 Radiological Aspects of Carbonate Niobium Mining Waste Use as Agricultural Amendment<span style=\"white-space:pre\">\t<\/span>(Ayllon, R. M., Furlan M. R., El Hajj, T. M., Silva P. S. C.)<\/p><p>RE182 &#8211; Estimativas de taxa de sedimenta\u00e7\u00e3o do reservat\u00f3rio de Sobradinho, Sobradinho, Bahia&nbsp; (Santos R. C. C., Abreu R. E. O., Santos R. A., Magalh\u00e3es M. R. L., Fran\u00e7a E. J.)<\/p>\n\n<h6>17h10 \u00e0s 17h40<\/h6>\n<p>Coffee break e apresenta\u00e7\u00e3o de p\u00f4steres<\/p>\n\n<h6>17h40 \u00e0s 18h10<\/h6>\n<p>Plen\u00e1ria de encerramento &#8211; Conclus\u00f5es dos trabalhos do dia<br>Palestrantes:&nbsp;Josilto de Aquino (SBPR), Leonardo Dalaqua Junior (Amazul)<br><\/p>\n<p>Local: Teatro<\/p>\n\n<h6>18h30 \u00e0s 20h00<\/h6>\n<p><strong>SC 02 &#8211; Environmental Remediation: practical exercises on processes for decision making<\/strong><br>Chair:&nbsp;Eliana Amaral (CNEN)<br>Palestrantes:&nbsp;Horst Monken Fernandes (IAEA), Edgar Carvalho (IAEA)<\/p>\n\n<h6>Jantar de encerramento<\/h6><p>Vamos nos divertir e confraternizar!<br>Jantar por ades\u00e3o: R$130,00 por pessoa<\/p>\n<p>Gostar\u00edamos de saber sobre seu interesse em participar no jantar por ades\u00e3o.&nbsp;<br><a href=\"https:\/\/docs.google.com\/forms\/d\/e\/1FAIpQLSewdUEuFj-G-7WYD8EUfLMRw8BUIbBOqkbxk9LFRraV3Bq2rg\/viewform\">Clique aqui<\/a> e responda a nossa enquete.<br><\/p>\n\n\n\n","protected":false},"excerpt":{"rendered":"","protected":false},"author":1,"featured_media":0,"parent":0,"menu_order":0,"comment_status":"closed","ping_status":"closed","template":"","meta":{"pagelayer_contact_templates":[],"_pagelayer_content":"","footnotes":""},"class_list":["post-942","page","type-page","status-publish","hentry"],"_links":{"self":[{"href":"https:\/\/sbpr.org.br\/radio2022\/wp-json\/wp\/v2\/pages\/942","targetHints":{"allow":["GET"]}}],"collection":[{"href":"https:\/\/sbpr.org.br\/radio2022\/wp-json\/wp\/v2\/pages"}],"about":[{"href":"https:\/\/sbpr.org.br\/radio2022\/wp-json\/wp\/v2\/types\/page"}],"author":[{"embeddable":true,"href":"https:\/\/sbpr.org.br\/radio2022\/wp-json\/wp\/v2\/users\/1"}],"replies":[{"embeddable":true,"href":"https:\/\/sbpr.org.br\/radio2022\/wp-json\/wp\/v2\/comments?post=942"}],"version-history":[{"count":29,"href":"https:\/\/sbpr.org.br\/radio2022\/wp-json\/wp\/v2\/pages\/942\/revisions"}],"predecessor-version":[{"id":1137,"href":"https:\/\/sbpr.org.br\/radio2022\/wp-json\/wp\/v2\/pages\/942\/revisions\/1137"}],"wp:attachment":[{"href":"https:\/\/sbpr.org.br\/radio2022\/wp-json\/wp\/v2\/media?parent=942"}],"curies":[{"name":"wp","href":"https:\/\/api.w.org\/{rel}","templated":true}]}}