{"id":131,"date":"2024-02-13T20:47:21","date_gmt":"2024-02-13T20:47:21","guid":{"rendered":"https:\/\/sbpr.org.br\/radio2024\/?page_id=131"},"modified":"2024-10-26T13:32:33","modified_gmt":"2024-10-26T13:32:33","slug":"certificados","status":"publish","type":"page","link":"https:\/\/sbpr.org.br\/radio2024\/certificados\/","title":{"rendered":"Certificados"},"content":{"rendered":"\n\n\n<h1><strong style=\"color: rgb(255, 255, 255);\">Trabalhos e certificados<\/strong><\/h1>\n\n\n\n\n\n\n\n\n\n\n\n\n<h2>Certificados<\/h2>\n\n<p style=\"text-align: justify;\"><strong>Prezados autores: os certificados de participa\u00e7\u00e3o e apresenta\u00e7\u00e3o de trabalhos orais e p\u00f4steres estar\u00e3o dispon\u00edveis no sistema at\u00e9 dezembro de 2024.<\/strong><\/p>\n\n\n\n\n\n\n\n\n\n<h2>Envio de resumos<\/h2>\n\n<p style=\"text-align: justify;\"><strong><br>PRAZO ESGOTADO PARA ENVIO DE RESUMOS<\/strong><strong><br><\/strong><br>O Comit\u00ea Cient\u00edfico divulga abaixo os trabalhos aprovados para apresenta\u00e7\u00e3o na RADIO 2024.&nbsp;<br><br><\/p>\n\n\n\n\n\n\n\n\n\n\n\n\n\n\n\n\n<h2>\u00c1reas tem\u00e1ticas<\/h2>\n\n<p style=\"text-align: justify;\">1 Radia\u00e7\u00e3o-Natural e NORM&nbsp;<\/p><p style=\"text-align: justify;\">2 Equidade de G\u00eanero na Ci\u00eancia, Tecnologia e Inova\u00e7\u00e3o<\/p><p style=\"text-align: justify;\">3 Salvaguardas, Cultura de seguran\u00e7a e prote\u00e7\u00e3o f\u00edsica de material radioativo<\/p><p style=\"text-align: justify;\">4 Tecnologias e desenvolvimentos em radioprote\u00e7\u00e3o e seguran\u00e7a nuclear<\/p><p style=\"text-align: justify;\">5 Emerg\u00eancias Radiol\u00f3gicas e Nucleares<\/p><p style=\"text-align: justify;\">6 Educa\u00e7\u00e3o, treinamento e gest\u00e3o do conhecimento em Radioprote\u00e7\u00e3o<\/p><p style=\"text-align: justify;\">7 Comunica\u00e7\u00e3o com a sociedade, compromisso e envolvimento das partes interessadas<\/p><p style=\"text-align: justify;\">8 Uso de fontes radioativas e metodologias para seu controle<\/p><p style=\"text-align: justify;\">9 Prote\u00e7\u00e3o Radiol\u00f3gica dos pacientes, trabalhadores, membros do p\u00fablico e do meio ambiente<\/p><p style=\"text-align: justify;\">10 Direito, normas, recomenda\u00e7\u00f5es e regulamentos internacionais<\/p><p style=\"text-align: justify;\">11 Transporte e Gest\u00e3o de rejeitos radioativos<\/p><p style=\"text-align: justify;\">12 Reatores e a prote\u00e7\u00e3o radiol\u00f3gica: aplica\u00e7\u00f5es seguras e seus m\u00faltiplos usos<\/p><p style=\"text-align: justify;\">13 Radia\u00e7\u00f5es N\u00e3o-Ionizantes<br>14.&nbsp;Metrologia das radia\u00e7\u00f5es ionizantes<\/p>\n\n\n\n\n\n\n\n\n<h2>P\u00fablico-alvo<\/h2>\n\n<p style=\"text-align: justify;\">Supervisores e T\u00e9cnicos de Prote\u00e7\u00e3o Radiol\u00f3gica;<\/p><p style=\"text-align: justify;\">F\u00edsicos M\u00e9dicos;<\/p><p style=\"text-align: justify;\">T\u00e9cnicos e Tecn\u00f3logos em Radiologia M\u00e9dica e Industrial;<\/p><p style=\"text-align: justify;\">T\u00e9cnicos, Profissionais e Estudantes das \u00e1reas de aplica\u00e7\u00f5es das radia\u00e7\u00f5es ionizantes e de t\u00e9cnicas nucleares na ind\u00fastria, medicina, agricultura, e na pesquisa cient\u00edfica;<\/p><p style=\"text-align: justify;\">Profissionais das \u00e1reas de extra\u00e7\u00e3o de petr\u00f3leo e g\u00e1s, das instala\u00e7\u00f5es de minera\u00e7\u00e3o e beneficiamento de min\u00e9rios convencionais com ur\u00e2nio e t\u00f3rio associados e da ind\u00fastria nuclear (INB, ELETRONUCLEAR, NUCLEP) e de gera\u00e7\u00e3o de energia;<\/p><p style=\"text-align: justify;\">Fornecedores de servi\u00e7os e equipamentos relacionados \u00e0s radia\u00e7\u00f5es ionizantes e n\u00e3o ionizantes;<\/p><p style=\"text-align: justify;\">Usu\u00e1rios de fontes radioativas e de equipamentos geradores de radia\u00e7\u00f5es ionizantes e n\u00e3o ionizantes;<\/p><p style=\"text-align: justify;\">Servidores dos \u00f3rg\u00e3os reguladores e fiscalizadores do Brasil (CNEN, ANVISA, IBAMA, Secretarias Estaduais e Municipais, etc.), de Portugal e de outros pa\u00edses;<\/p><p style=\"text-align: justify;\">Profissionais dos \u00f3rg\u00e3os de regulamenta\u00e7\u00e3o profissional (CONTER, CBR, etc);<\/p><p style=\"text-align: justify;\">T\u00e9cnicos e especialistas em Vigil\u00e2ncia Sanit\u00e1ria;<\/p><p style=\"text-align: justify;\">T\u00e9cnicos que atuam em portos e aeroportos envolvidos na prote\u00e7\u00e3o e seguran\u00e7a do transporte de produtos perigosos Classe 7;<\/p><p style=\"text-align: justify;\">T\u00e9cnicos e engenheiros das \u00e1reas de seguran\u00e7a e medicina do trabalho, envolvidos com prote\u00e7\u00e3o radiol\u00f3gica;<\/p><p style=\"text-align: justify;\">M\u00e9dicos e Enfermeiros do Trabalho;<\/p><p style=\"text-align: justify;\">Especialistas da FUNDACENTRO;<\/p><p style=\"text-align: justify;\">Diretores e gerentes de empresas envolvidas com o tema;<\/p><p style=\"text-align: justify;\">Ge\u00f3logos e t\u00e9cnicos nas \u00e1reas de radioatividade natural, minera\u00e7\u00e3o e beneficiamento;<\/p><p style=\"text-align: justify;\">Especialistas em Direito Ambiental e Nuclear;<\/p><p style=\"text-align: justify;\">Professores e alunos com interesse na \u00e1rea nuclear e nas aplica\u00e7\u00f5es das radia\u00e7\u00f5es.<\/p>\n\n\n\n\n\n\n","protected":false},"excerpt":{"rendered":"","protected":false},"author":1,"featured_media":0,"parent":0,"menu_order":0,"comment_status":"closed","ping_status":"closed","template":"","meta":{"pagelayer_contact_templates":[],"_pagelayer_content":"","footnotes":""},"class_list":["post-131","page","type-page","status-publish","hentry"],"_links":{"self":[{"href":"https:\/\/sbpr.org.br\/radio2024\/wp-json\/wp\/v2\/pages\/131","targetHints":{"allow":["GET"]}}],"collection":[{"href":"https:\/\/sbpr.org.br\/radio2024\/wp-json\/wp\/v2\/pages"}],"about":[{"href":"https:\/\/sbpr.org.br\/radio2024\/wp-json\/wp\/v2\/types\/page"}],"author":[{"embeddable":true,"href":"https:\/\/sbpr.org.br\/radio2024\/wp-json\/wp\/v2\/users\/1"}],"replies":[{"embeddable":true,"href":"https:\/\/sbpr.org.br\/radio2024\/wp-json\/wp\/v2\/comments?post=131"}],"version-history":[{"count":36,"href":"https:\/\/sbpr.org.br\/radio2024\/wp-json\/wp\/v2\/pages\/131\/revisions"}],"predecessor-version":[{"id":592,"href":"https:\/\/sbpr.org.br\/radio2024\/wp-json\/wp\/v2\/pages\/131\/revisions\/592"}],"wp:attachment":[{"href":"https:\/\/sbpr.org.br\/radio2024\/wp-json\/wp\/v2\/media?parent=131"}],"curies":[{"name":"wp","href":"https:\/\/api.w.org\/{rel}","templated":true}]}}

<h1><strong style="color: rgb(255, 255, 255);">Trabalhos e certificados</strong></h1>












<h2>Certificados</h2>

<p style="text-align: justify;"><strong>Prezados autores: os certificados de participação e apresentação de trabalhos orais e pôsteres estarão disponíveis no sistema até dezembro de 2024.</strong></p>









<h2>Envio de resumos</h2>

<p style="text-align: justify;"><strong><br>PRAZO ESGOTADO PARA ENVIO DE RESUMOS</strong><strong><br></strong><br>O Comitê Científico divulga abaixo os trabalhos aprovados para apresentação na RADIO 2024.&nbsp;<br><br></p>
















<h2>Áreas temáticas</h2>

<p style="text-align: justify;">1 Radiação-Natural e NORM&nbsp;</p><p style="text-align: justify;">2 Equidade de Gênero na Ciência, Tecnologia e Inovação</p><p style="text-align: justify;">3 Salvaguardas, Cultura de segurança e proteção física de material radioativo</p><p style="text-align: justify;">4 Tecnologias e desenvolvimentos em radioproteção e segurança nuclear</p><p style="text-align: justify;">5 Emergências Radiológicas e Nucleares</p><p style="text-align: justify;">6 Educação, treinamento e gestão do conhecimento em Radioproteção</p><p style="text-align: justify;">7 Comunicação com a sociedade, compromisso e envolvimento das partes interessadas</p><p style="text-align: justify;">8 Uso de fontes radioativas e metodologias para seu controle</p><p style="text-align: justify;">9 Proteção Radiológica dos pacientes, trabalhadores, membros do público e do meio ambiente</p><p style="text-align: justify;">10 Direito, normas, recomendações e regulamentos internacionais</p><p style="text-align: justify;">11 Transporte e Gestão de rejeitos radioativos</p><p style="text-align: justify;">12 Reatores e a proteção radiológica: aplicações seguras e seus múltiplos usos</p><p style="text-align: justify;">13 Radiações Não-Ionizantes<br>14.&nbsp;Metrologia das radiações ionizantes</p>








<h2>Público-alvo</h2>

<p style="text-align: justify;">Supervisores e Técnicos de Proteção Radiológica;</p><p style="text-align: justify;">Físicos Médicos;</p><p style="text-align: justify;">Técnicos e Tecnólogos em Radiologia Médica e Industrial;</p><p style="text-align: justify;">Técnicos, Profissionais e Estudantes das áreas de aplicações das radiações ionizantes e de técnicas nucleares na indústria, medicina, agricultura, e na pesquisa científica;</p><p style="text-align: justify;">Profissionais das áreas de extração de petróleo e gás, das instalações de mineração e beneficiamento de minérios convencionais com urânio e tório associados e da indústria nuclear (INB, ELETRONUCLEAR, NUCLEP) e de geração de energia;</p><p style="text-align: justify;">Fornecedores de serviços e equipamentos relacionados às radiações ionizantes e não ionizantes;</p><p style="text-align: justify;">Usuários de fontes radioativas e de equipamentos geradores de radiações ionizantes e não ionizantes;</p><p style="text-align: justify;">Servidores dos órgãos reguladores e fiscalizadores do Brasil (CNEN, ANVISA, IBAMA, Secretarias Estaduais e Municipais, etc.), de Portugal e de outros países;</p><p style="text-align: justify;">Profissionais dos órgãos de regulamentação profissional (CONTER, CBR, etc);</p><p style="text-align: justify;">Técnicos e especialistas em Vigilância Sanitária;</p><p style="text-align: justify;">Técnicos que atuam em portos e aeroportos envolvidos na proteção e segurança do transporte de produtos perigosos Classe 7;</p><p style="text-align: justify;">Técnicos e engenheiros das áreas de segurança e medicina do trabalho, envolvidos com proteção radiológica;</p><p style="text-align: justify;">Médicos e Enfermeiros do Trabalho;</p><p style="text-align: justify;">Especialistas da FUNDACENTRO;</p><p style="text-align: justify;">Diretores e gerentes de empresas envolvidas com o tema;</p><p style="text-align: justify;">Geólogos e técnicos nas áreas de radioatividade natural, mineração e beneficiamento;</p><p style="text-align: justify;">Especialistas em Direito Ambiental e Nuclear;</p><p style="text-align: justify;">Professores e alunos com interesse na área nuclear e nas aplicações das radiações.</p>
