{"id":440,"date":"2024-09-08T20:31:44","date_gmt":"2024-09-08T20:31:44","guid":{"rendered":"https:\/\/sbpr.org.br\/radio2024\/?page_id=440"},"modified":"2024-10-17T18:07:48","modified_gmt":"2024-10-17T18:07:48","slug":"18-de-outubro","status":"publish","type":"page","link":"https:\/\/sbpr.org.br\/radio2024\/programacao\/18-de-outubro\/","title":{"rendered":"18 de outubro"},"content":{"rendered":"\n\n\n<h1><strong style=\"color: rgb(255, 255, 255);\">18 de outubro<\/strong><\/h1>\n\n\n\n\n\n\n\n\n\n\n\n\n\n<h4>8h00 a 9h00 &#8211; Cursos de atualiza\u00e7\u00e3o profissional<\/h4>\n\n\n<p style=\"text-align: justify;\"><span style=\"color: rgb(0, 102, 204);\"><strong>Sala Azul &#8211;<\/strong><\/span>&nbsp;Inova\u00e7\u00e3o e empreendedorismo na Nuclear<br><\/p><p style=\"text-align: justify;\">Luciana Carvalheira (IEN\/CNEN)<br><br><\/p><p style=\"text-align: justify;\"><span style=\"color: rgb(0, 138, 0);\"><span style=\"font-weight: 700;\">Sala verde<\/span><\/span><span style=\"font-weight: 700;\"><\/span>&nbsp;&#8211; Projeto e C\u00e1lculo de Blindagem de Local de Armazenamento de fontes radioativas<\/p><p style=\"text-align: justify;\">Clarice Jabarra &#8211; Jabarra Radioprote\u00e7\u00e3o<\/p>\n\n\n\n\n<h4>9h00 a 9h50 &#8211;&nbsp;Sess\u00e3o Plen\u00e1ria<\/h4>\n\n<p style=\"text-align: justify;\"><span style=\"font-weight: 700;\">Audit\u00f3rio principal &#8211; O futuro da Prote\u00e7\u00e3o Radiol\u00f3gica em \u00e2mbito Regional<\/span><strong><br>Tem\u00e1tica:<\/strong> Plano de A\u00e7\u00e3o para Fortalecer a Prote\u00e7\u00e3o Radiol\u00f3gica na Am\u00e9rica Latina e Caribe<strong><br>Palestrante:<\/strong> Eduardo Medina, Peru (Presidente da FRALC)<br><\/p>\n\n\n\n\n<h4>10h00 a 11h30 &#8211;&nbsp;Sess\u00e3o de encerramento<\/h4>\n\n<p style=\"text-align: justify;\"><strong>Tem\u00e1tica: <\/strong>Agradecimento aos patrocinadores e apoiadores da International Joint Conference<br><strong>Apresentado por: <\/strong>Comit\u00ea organizador<br><br><strong>Tem\u00e1tica:<\/strong> O papel das sociedadaes cient\u00edficas na transmiss\u00e3o do conhecimento<strong><br>Apresentado por:<\/strong> Alfredo Lopes Ferreira Filho &#8211; Presidente da RADIO 2024<br><br><strong>Tem\u00e1tica: <\/strong>Trabalhos apresentados na RADIO 2024 &#8211;<strong>&nbsp;<\/strong>Artigos completos para a BJRS e Premia\u00e7\u00f5es<br><strong>Apresentado por: <\/strong>Fernando Lima (Presidente do Comit\u00ea Cient\u00edfico)<strong><br><br>SORTEIO de 3 BOLSAS INTEGRAIS:<\/strong> Cursos de gest\u00e3o de servi\u00e7os de radioprote\u00e7\u00e3o (o curso acontecer\u00e1 de 4 a 8 de novembro, de 9h00 a 18h00 &#8211; Modalidade: online) &#8211; Gentilmente oferecido por<strong>:<\/strong> RADIONIZA<br><br><strong>Tem\u00e1tica:<\/strong>&nbsp;Melhores momentos da RADIO 2024 e discurso de encerramento<strong><br>Apresentado por:<\/strong> Josilto de Aquino (Presidente da SBPR)<br><br>&nbsp;<br><\/p><p style=\"text-align: justify;\"><br><\/p>\n\n\n\n\n\n\n","protected":false},"excerpt":{"rendered":"","protected":false},"author":1,"featured_media":0,"parent":358,"menu_order":0,"comment_status":"closed","ping_status":"closed","template":"","meta":{"pagelayer_contact_templates":[],"_pagelayer_content":"","footnotes":""},"class_list":["post-440","page","type-page","status-publish","hentry"],"_links":{"self":[{"href":"https:\/\/sbpr.org.br\/radio2024\/wp-json\/wp\/v2\/pages\/440","targetHints":{"allow":["GET"]}}],"collection":[{"href":"https:\/\/sbpr.org.br\/radio2024\/wp-json\/wp\/v2\/pages"}],"about":[{"href":"https:\/\/sbpr.org.br\/radio2024\/wp-json\/wp\/v2\/types\/page"}],"author":[{"embeddable":true,"href":"https:\/\/sbpr.org.br\/radio2024\/wp-json\/wp\/v2\/users\/1"}],"replies":[{"embeddable":true,"href":"https:\/\/sbpr.org.br\/radio2024\/wp-json\/wp\/v2\/comments?post=440"}],"version-history":[{"count":17,"href":"https:\/\/sbpr.org.br\/radio2024\/wp-json\/wp\/v2\/pages\/440\/revisions"}],"predecessor-version":[{"id":586,"href":"https:\/\/sbpr.org.br\/radio2024\/wp-json\/wp\/v2\/pages\/440\/revisions\/586"}],"up":[{"embeddable":true,"href":"https:\/\/sbpr.org.br\/radio2024\/wp-json\/wp\/v2\/pages\/358"}],"wp:attachment":[{"href":"https:\/\/sbpr.org.br\/radio2024\/wp-json\/wp\/v2\/media?parent=440"}],"curies":[{"name":"wp","href":"https:\/\/api.w.org\/{rel}","templated":true}]}}

<h1><strong style="color: rgb(255, 255, 255);">18 de outubro</strong></h1>













<h4>8h00 a 9h00 &#8211; Cursos de atualização profissional</h4>


<p style="text-align: justify;"><span style="color: rgb(0, 102, 204);"><strong>Sala Azul &#8211;</strong></span>&nbsp;Inovação e empreendedorismo na Nuclear<br></p><p style="text-align: justify;">Luciana Carvalheira (IEN/CNEN)<br><br></p><p style="text-align: justify;"><span style="color: rgb(0, 138, 0);"><span style="font-weight: 700;">Sala verde</span></span><span style="font-weight: 700;"></span>&nbsp;&#8211; Projeto e Cálculo de Blindagem de Local de Armazenamento de fontes radioativas</p><p style="text-align: justify;">Clarice Jabarra &#8211; Jabarra Radioproteção</p>




<h4>9h00 a 9h50 &#8211;&nbsp;Sessão Plenária</h4>

<p style="text-align: justify;"><span style="font-weight: 700;">Auditório principal &#8211; O futuro da Proteção Radiológica em âmbito Regional</span><strong><br>Temática:</strong> Plano de Ação para Fortalecer a Proteção Radiológica na América Latina e Caribe<strong><br>Palestrante:</strong> Eduardo Medina, Peru (Presidente da FRALC)<br></p>




<h4>10h00 a 11h30 &#8211;&nbsp;Sessão de encerramento</h4>

<p style="text-align: justify;"><strong>Temática: </strong>Agradecimento aos patrocinadores e apoiadores da International Joint Conference<br><strong>Apresentado por: </strong>Comitê organizador<br><br><strong>Temática:</strong> O papel das sociedadaes científicas na transmissão do conhecimento<strong><br>Apresentado por:</strong> Alfredo Lopes Ferreira Filho &#8211; Presidente da RADIO 2024<br><br><strong>Temática: </strong>Trabalhos apresentados na RADIO 2024 &#8211;<strong>&nbsp;</strong>Artigos completos para a BJRS e Premiações<br><strong>Apresentado por: </strong>Fernando Lima (Presidente do Comitê Científico)<strong><br><br>SORTEIO de 3 BOLSAS INTEGRAIS:</strong> Cursos de gestão de serviços de radioproteção (o curso acontecerá de 4 a 8 de novembro, de 9h00 a 18h00 &#8211; Modalidade: online) &#8211; Gentilmente oferecido por<strong>:</strong> RADIONIZA<br><br><strong>Temática:</strong>&nbsp;Melhores momentos da RADIO 2024 e discurso de encerramento<strong><br>Apresentado por:</strong> Josilto de Aquino (Presidente da SBPR)<br><br>&nbsp;<br></p><p style="text-align: justify;"><br></p>
